CRAN Package Check Results for Package xtensor

Last updated on 2019-05-20 01:46:55 CEST.

Flavor Version Tinstall Tcheck Ttotal Status Flags
r-devel-linux-x86_64-debian-clang 0.11.0-0 50.92 14.23 65.15 OK
r-devel-linux-x86_64-debian-gcc 0.11.0-0 38.60 11.72 50.32 OK
r-devel-linux-x86_64-fedora-clang 0.11.0-0 122.40 NOTE
r-devel-linux-x86_64-fedora-gcc 0.11.0-0 100.50 OK
r-devel-windows-ix86+x86_64 0.11.0-0 156.00 63.00 219.00 NOTE
r-patched-linux-x86_64 0.11.0-0 48.49 14.29 62.78 OK
r-patched-solaris-x86 0.11.0-0 92.90 OK
r-release-linux-x86_64 0.11.0-0 47.48 14.35 61.83 OK
r-release-windows-ix86+x86_64 0.11.0-0 173.00 61.00 234.00 NOTE
r-release-osx-x86_64 0.11.0-0 NOTE
r-oldrel-windows-ix86+x86_64 0.11.0-0 178.00 60.00 238.00 NOTE
r-oldrel-osx-x86_64 0.11.0-0 NOTE

Check Details

Version: 0.11.0-0
Check: installed package size
Result: NOTE
     installed size is 5.1Mb
     sub-directories of 1Mb or more:
     include 3.5Mb
     libs 1.6Mb
Flavors: r-devel-linux-x86_64-fedora-clang, r-devel-windows-ix86+x86_64, r-release-windows-ix86+x86_64, r-release-osx-x86_64, r-oldrel-windows-ix86+x86_64, r-oldrel-osx-x86_64