CRAN Package Check Results for Package xseq

Last updated on 2020-01-27 00:48:26 CET.

Flavor Version Tinstall Tcheck Ttotal Status Flags
r-devel-linux-x86_64-debian-clang 0.2.1 7.57 175.10 182.67 OK
r-devel-linux-x86_64-debian-gcc 0.2.1 0.50 1.95 2.45 ERROR
r-devel-linux-x86_64-fedora-clang 0.2.1 225.74 NOTE
r-devel-linux-x86_64-fedora-gcc 0.2.1 216.34 NOTE
r-devel-windows-ix86+x86_64 0.2.1 19.00 273.00 292.00 OK
r-devel-windows-ix86+x86_64-gcc8 0.2.1 19.00 230.00 249.00 OK
r-patched-linux-x86_64 0.2.1 5.47 158.10 163.57 OK
r-patched-solaris-x86 0.2.1 269.50 OK
r-release-linux-x86_64 0.2.1 5.06 160.64 165.70 OK
r-release-windows-ix86+x86_64 0.2.1 13.00 183.00 196.00 OK
r-release-osx-x86_64 0.2.1 OK
r-oldrel-windows-ix86+x86_64 0.2.1 11.00 183.00 194.00 OK
r-oldrel-osx-x86_64 0.2.1 OK

Check Details

Version: 0.2.1
Check: package dependencies
Result: ERROR
    Package required but not available: ‘sfsmisc’
    
    See section ‘The DESCRIPTION file’ in the ‘Writing R Extensions’
    manual.
Flavor: r-devel-linux-x86_64-debian-gcc

Version: 0.2.1
Check: compiled code
Result: NOTE
    File ‘xseq/libs/xseq.so’:
     Found no call to: ‘R_useDynamicSymbols’
    
    It is good practice to register native routines and to disable symbol
    search.
    
    See ‘Writing portable packages’ in the ‘Writing R Extensions’ manual.
Flavors: r-devel-linux-x86_64-fedora-clang, r-devel-linux-x86_64-fedora-gcc