CRAN Package Check Results for Package xpose

Last updated on 2019-06-26 01:54:41 CEST.

Flavor Version Tinstall Tcheck Ttotal Status Flags
r-devel-linux-x86_64-debian-clang 0.4.4 10.13 180.47 190.60 OK
r-devel-linux-x86_64-debian-gcc 0.4.4 8.24 136.18 144.42 OK
r-devel-linux-x86_64-fedora-clang 0.4.4 228.39 OK
r-devel-linux-x86_64-fedora-gcc 0.4.4 223.84 OK
r-devel-windows-ix86+x86_64 0.4.4 40.00 223.00 263.00 OK
r-patched-linux-x86_64 0.4.4 11.54 177.18 188.72 OK
r-patched-solaris-x86 0.4.4 320.00 NOTE
r-release-linux-x86_64 0.4.4 9.28 175.34 184.62 OK
r-release-windows-ix86+x86_64 0.4.4 20.00 233.00 253.00 OK
r-release-osx-x86_64 0.4.4 OK
r-oldrel-windows-ix86+x86_64 0.4.4 14.00 188.00 202.00 OK
r-oldrel-osx-x86_64 0.4.4 OK

Check Details

Version: 0.4.4
Check: installed package size
Result: NOTE
     installed size is 5.9Mb
     sub-directories of 1Mb or more:
     doc 3.1Mb
     help 1.5Mb
Flavor: r-patched-solaris-x86