CRAN Package Check Results for Package xgb2sql

Last updated on 2019-08-23 01:47:40 CEST.

Flavor Version Tinstall Tcheck Ttotal Status Flags
r-devel-linux-x86_64-debian-clang 0.1.2 2.52 38.24 40.76 NOTE
r-devel-linux-x86_64-debian-gcc 0.1.2 2.07 29.15 31.22 NOTE
r-devel-linux-x86_64-fedora-clang 0.1.2 47.38 NOTE
r-devel-linux-x86_64-fedora-gcc 0.1.2 51.99 NOTE
r-devel-windows-ix86+x86_64 0.1.2 6.00 66.00 72.00 OK
r-patched-linux-x86_64 0.1.2 2.05 34.86 36.91 OK
r-patched-solaris-x86 0.1.2 75.20 OK
r-release-linux-x86_64 0.1.2 2.03 35.71 37.74 OK
r-release-windows-ix86+x86_64 0.1.2 7.00 265.00 272.00 OK
r-release-osx-x86_64 0.1.2 OK
r-oldrel-windows-ix86+x86_64 0.1.2 4.00 61.00 65.00 OK
r-oldrel-osx-x86_64 0.1.2 OK

Check Details

Version: 0.1.2
Check: for non-standard things in the check directory
Result: NOTE
    Found the following files/directories:
     'xgb.txt'
Flavors: r-devel-linux-x86_64-debian-clang, r-devel-linux-x86_64-debian-gcc, r-devel-linux-x86_64-fedora-clang, r-devel-linux-x86_64-fedora-gcc