CRAN Package Check Results for Package xgb2sql

Last updated on 2019-12-11 00:49:39 CET.

Flavor Version Tinstall Tcheck Ttotal Status Flags
r-devel-linux-x86_64-debian-clang 0.1.2 2.80 39.19 41.99 NOTE
r-devel-linux-x86_64-debian-gcc 0.1.2 1.98 29.08 31.06 NOTE
r-devel-linux-x86_64-fedora-clang 0.1.2 51.12 NOTE
r-devel-linux-x86_64-fedora-gcc 0.1.2 48.08 NOTE
r-devel-windows-ix86+x86_64 0.1.2 6.00 62.00 68.00 OK
r-devel-windows-ix86+x86_64-gcc8 0.1.2 6.00 49.00 55.00 OK
r-patched-linux-x86_64 0.1.2 2.32 34.33 36.65 OK
r-patched-solaris-x86 0.1.2 73.20 OK
r-release-linux-x86_64 0.1.2 1.96 34.56 36.52 OK
r-release-windows-ix86+x86_64 0.1.2 5.00 49.00 54.00 OK
r-release-osx-x86_64 0.1.2 OK
r-oldrel-windows-ix86+x86_64 0.1.2 3.00 50.00 53.00 OK
r-oldrel-osx-x86_64 0.1.2 OK

Check Details

Version: 0.1.2
Check: for non-standard things in the check directory
Result: NOTE
    Found the following files/directories:
     'xgb.txt'
Flavors: r-devel-linux-x86_64-debian-clang, r-devel-linux-x86_64-debian-gcc, r-devel-linux-x86_64-fedora-clang, r-devel-linux-x86_64-fedora-gcc