CRAN Package Check Results for Package wrassp

Last updated on 2019-08-17 02:47:50 CEST.

Flavor Version Tinstall Tcheck Ttotal Status Flags
r-devel-linux-x86_64-debian-clang 0.1.8 20.66 44.35 65.01 WARN
r-devel-linux-x86_64-debian-gcc 0.1.8 13.31 35.13 48.44 WARN
r-devel-linux-x86_64-fedora-clang 0.1.8 78.42 OK
r-devel-linux-x86_64-fedora-gcc 0.1.8 73.13 WARN
r-devel-windows-ix86+x86_64 0.1.8 90.00 172.00 262.00 OK
r-patched-linux-x86_64 0.1.8 14.39 43.65 58.04 OK
r-patched-solaris-x86 0.1.8 119.30 OK
r-release-linux-x86_64 0.1.8 14.88 44.25 59.13 OK
r-release-windows-ix86+x86_64 0.1.8 97.00 123.00 220.00 OK
r-release-osx-x86_64 0.1.8 OK
r-oldrel-windows-ix86+x86_64 0.1.8 81.00 123.00 204.00 OK
r-oldrel-osx-x86_64 0.1.8 OK

Check Details

Version: 0.1.8
Check: whether package can be installed
Result: WARN
    Found the following significant warnings:
     assp/labelobj.c:165:3: warning: ignoring return value of function declared with 'warn_unused_result' attribute [-Wunused-result]
Flavor: r-devel-linux-x86_64-debian-clang

Version: 0.1.8
Check: whether package can be installed
Result: WARN
    Found the following significant warnings:
     assp/labelobj.c:165:3: warning: ignoring return value of ‘fread’, declared with attribute warn_unused_result [-Wunused-result]
Flavors: r-devel-linux-x86_64-debian-gcc, r-devel-linux-x86_64-fedora-gcc