CRAN Package Check Results for Package withr

Last updated on 2019-07-21 01:47:08 CEST.

Flavor Version Tinstall Tcheck Ttotal Status Flags
r-devel-linux-x86_64-debian-clang 2.1.2 2.14 29.75 31.89 NOTE
r-devel-linux-x86_64-debian-gcc 2.1.2 1.97 24.46 26.43 NOTE
r-devel-linux-x86_64-fedora-clang 2.1.2 39.43 NOTE
r-devel-linux-x86_64-fedora-gcc 2.1.2 37.36 NOTE
r-devel-windows-ix86+x86_64 2.1.2 7.00 59.00 66.00 OK
r-patched-linux-x86_64 2.1.2 2.22 29.53 31.75 OK
r-patched-solaris-x86 2.1.2 57.40 OK
r-release-linux-x86_64 2.1.2 2.18 30.04 32.22 OK
r-release-windows-ix86+x86_64 2.1.2 7.00 41.00 48.00 OK
r-release-osx-x86_64 2.1.2 OK
r-oldrel-windows-ix86+x86_64 2.1.2 6.00 58.00 64.00 OK
r-oldrel-osx-x86_64 2.1.2 OK

Check Details

Version: 2.1.2
Check: for non-standard things in the check directory
Result: NOTE
    Found the following files/directories:
     'foo'
Flavors: r-devel-linux-x86_64-debian-clang, r-devel-linux-x86_64-debian-gcc, r-devel-linux-x86_64-fedora-clang, r-devel-linux-x86_64-fedora-gcc