CRAN Package Check Results for Package widyr

Last updated on 2019-08-20 01:48:21 CEST.

Flavor Version Tinstall Tcheck Ttotal Status Flags
r-devel-linux-x86_64-debian-clang 0.1.1 8.18 105.99 114.17 NOTE
r-devel-linux-x86_64-debian-gcc 0.1.1 6.92 79.76 86.68 NOTE
r-devel-linux-x86_64-fedora-clang 0.1.1 133.23 OK
r-devel-linux-x86_64-fedora-gcc 0.1.1 145.00 OK
r-devel-windows-ix86+x86_64 0.1.1 22.00 259.00 281.00 NOTE
r-patched-linux-x86_64 0.1.1 8.55 99.38 107.93 OK
r-patched-solaris-x86 0.1.1 192.10 OK
r-release-linux-x86_64 0.1.1 6.72 101.57 108.29 OK
r-release-windows-ix86+x86_64 0.1.1 13.00 126.00 139.00 OK
r-release-osx-x86_64 0.1.1 OK
r-oldrel-windows-ix86+x86_64 0.1.1 13.00 166.00 179.00 OK
r-oldrel-osx-x86_64 0.1.1 OK

Check Details

Version: 0.1.1
Check: package vignettes
Result: NOTE
    Package vignette with placeholder title 'Vignette Title':
     'intro.Rmd'
Flavors: r-devel-linux-x86_64-debian-clang, r-devel-linux-x86_64-debian-gcc, r-devel-windows-ix86+x86_64