CRAN Package Check Results for Package wbstats

Last updated on 2019-08-24 01:50:12 CEST.

Flavor Version Tinstall Tcheck Ttotal Status Flags
r-devel-linux-x86_64-debian-clang 0.2 3.25 41.98 45.23 OK
r-devel-linux-x86_64-debian-gcc 0.2 2.47 33.97 36.44 OK
r-devel-linux-x86_64-fedora-clang 0.2 55.13 NOTE
r-devel-linux-x86_64-fedora-gcc 0.2 60.32 NOTE
r-devel-windows-ix86+x86_64 0.2 6.00 114.00 120.00 OK
r-patched-linux-x86_64 0.2 2.53 42.78 45.31 OK
r-patched-solaris-x86 0.2 84.30 NOTE
r-release-linux-x86_64 0.2 2.68 44.15 46.83 OK
r-release-windows-ix86+x86_64 0.2 10.00 203.00 213.00 OK
r-release-osx-x86_64 0.2 NOTE
r-oldrel-windows-ix86+x86_64 0.2 8.00 380.00 388.00 OK
r-oldrel-osx-x86_64 0.2 NOTE

Check Details

Version: 0.2
Check: data for non-ASCII characters
Result: NOTE
     Note: found 1528 marked UTF-8 strings
Flavors: r-devel-linux-x86_64-fedora-clang, r-devel-linux-x86_64-fedora-gcc, r-patched-solaris-x86, r-release-osx-x86_64, r-oldrel-osx-x86_64