CRAN Package Check Results for Package wbstats

Last updated on 2019-05-24 01:47:42 CEST.

Flavor Version Tinstall Tcheck Ttotal Status Flags
r-devel-linux-x86_64-debian-clang 0.2 2.82 43.11 45.93 OK
r-devel-linux-x86_64-debian-gcc 0.2 2.42 34.12 36.54 OK
r-devel-linux-x86_64-fedora-clang 0.2 57.35 NOTE
r-devel-linux-x86_64-fedora-gcc 0.2 52.22 NOTE
r-devel-windows-ix86+x86_64 0.2 6.00 117.00 123.00 OK
r-patched-linux-x86_64 0.2 2.29 43.81 46.10 OK
r-patched-solaris-x86 0.2 81.30 NOTE
r-release-linux-x86_64 0.2 2.63 43.10 45.73 OK
r-release-windows-ix86+x86_64 0.2 10.00 100.00 110.00 OK
r-release-osx-x86_64 0.2 NOTE
r-oldrel-windows-ix86+x86_64 0.2 3.00 98.00 101.00 OK
r-oldrel-osx-x86_64 0.2 NOTE

Check Details

Version: 0.2
Check: data for non-ASCII characters
Result: NOTE
     Note: found 1528 marked UTF-8 strings
Flavors: r-devel-linux-x86_64-fedora-clang, r-devel-linux-x86_64-fedora-gcc, r-patched-solaris-x86, r-release-osx-x86_64, r-oldrel-osx-x86_64