CRAN Package Check Results for Package visTree

Last updated on 2019-09-20 01:47:58 CEST.

Flavor Version Tinstall Tcheck Ttotal Status Flags
r-devel-linux-x86_64-debian-clang 0.8.1 6.91 64.91 71.82 OK
r-devel-linux-x86_64-debian-gcc 0.8.1 5.83 53.33 59.16 OK
r-devel-linux-x86_64-fedora-clang 0.8.1 88.68 NOTE
r-devel-linux-x86_64-fedora-gcc 0.8.1 88.71 NOTE
r-devel-windows-ix86+x86_64 0.8.1 19.00 75.00 94.00 OK
r-patched-linux-x86_64 0.8.1 6.77 63.90 70.67 OK
r-patched-solaris-x86 0.8.1 130.50 NOTE
r-release-linux-x86_64 0.8.1 5.84 65.68 71.52 OK
r-release-windows-ix86+x86_64 0.8.1 16.00 111.00 127.00 OK
r-release-osx-x86_64 0.8.1 NOTE
r-oldrel-windows-ix86+x86_64 0.8.1 7.00 73.00 80.00 OK
r-oldrel-osx-x86_64 0.8.1 NOTE

Check Details

Version: 0.8.1
Check: dependencies in R code
Result: NOTE
    Namespace in Imports field not imported from: ‘rpart’
     All declared Imports should be used.
Flavors: r-devel-linux-x86_64-fedora-clang, r-devel-linux-x86_64-fedora-gcc, r-patched-solaris-x86, r-release-osx-x86_64, r-oldrel-osx-x86_64