CRAN Package Check Results for Package viridisLite

Last updated on 2019-08-20 01:48:21 CEST.

Flavor Version Tinstall Tcheck Ttotal Status Flags
r-devel-linux-x86_64-debian-clang 0.3.0 1.36 20.04 21.40 OK
r-devel-linux-x86_64-debian-gcc 0.3.0 1.31 15.88 17.19 OK
r-devel-linux-x86_64-fedora-clang 0.3.0 26.30 OK
r-devel-linux-x86_64-fedora-gcc 0.3.0 29.04 OK
r-devel-windows-ix86+x86_64 0.3.0 7.00 77.00 84.00 OK
r-patched-linux-x86_64 0.3.0 1.06 19.78 20.84 OK
r-patched-solaris-x86 0.3.0 42.10 OK
r-release-linux-x86_64 0.3.0 0.96 20.05 21.01 OK
r-release-windows-ix86+x86_64 0.3.0 5.00 31.00 36.00 OK
r-release-osx-x86_64 0.3.0 OK
r-oldrel-windows-ix86+x86_64 0.3.0 5.00 49.00 54.00 OK
r-oldrel-osx-x86_64 0.3.0 ERROR

Check Details

Version: 0.3.0
Check: examples
Result: ERROR
    Running examples in ‘viridisLite-Ex.R’ failed
    The error most likely occurred in:
    
    > ### Name: viridis
    > ### Title: Matplotlib 'viridis' and 'cividis' color map
    > ### Aliases: viridis viridisMap magma inferno plasma cividis
    >
    > ### ** Examples
    >
    > library(ggplot2)
    Warning: S3 methods ‘.DollarNames.C++Object’, ‘.DollarNames.Module’, ‘print.bytes’, ‘format.Rcpp_stack_trace’, ‘str.Rcpp_stack_trace’, ‘print.Rcpp_stack_trace’ were declared in NAMESPACE but not found
    Error: package or namespace load failed for ‘ggplot2’ in library.dynam(lib, package, package.lib):
     shared object ‘Rcpp.so’ not found
    Execution halted
Flavor: r-oldrel-osx-x86_64