CRAN Package Check Results for Package vdiffr

Last updated on 2019-08-17 02:47:50 CEST.

Flavor Version Tinstall Tcheck Ttotal Status Flags
r-devel-linux-x86_64-debian-clang 0.3.1 33.87 42.24 76.11 OK
r-devel-linux-x86_64-debian-gcc 0.3.1 24.32 34.11 58.43 OK
r-devel-linux-x86_64-fedora-clang 0.3.1 106.03 NOTE
r-devel-linux-x86_64-fedora-gcc 0.3.1 100.40 NOTE
r-devel-windows-ix86+x86_64 0.3.1 94.00 265.00 359.00 OK
r-patched-linux-x86_64 0.3.1 29.20 42.09 71.29 OK
r-patched-solaris-x86 0.3.1 118.90 NOTE
r-release-linux-x86_64 0.3.1 28.78 42.68 71.46 OK
r-release-windows-ix86+x86_64 0.3.1 93.00 128.00 221.00 OK
r-release-osx-x86_64 0.3.1 NOTE
r-oldrel-windows-ix86+x86_64 0.3.1 77.00 144.00 221.00 OK
r-oldrel-osx-x86_64 0.3.1 NOTE

Check Details

Version: 0.3.1
Check: dependencies in R code
Result: NOTE
    Namespace in Imports field not imported from: ‘freetypeharfbuzz’
     All declared Imports should be used.
Flavors: r-devel-linux-x86_64-fedora-clang, r-devel-linux-x86_64-fedora-gcc, r-patched-solaris-x86, r-release-osx-x86_64, r-oldrel-osx-x86_64