CRAN Package Check Results for Package upmfit

Last updated on 2019-08-18 01:46:23 CEST.

Flavor Version Tinstall Tcheck Ttotal Status Flags
r-devel-linux-x86_64-debian-clang 0.1.0 1.99 29.64 31.63 OK
r-devel-linux-x86_64-debian-gcc 0.1.0 1.52 23.65 25.17 OK
r-devel-linux-x86_64-fedora-gcc 0.1.0 40.84 NOTE
r-devel-windows-ix86+x86_64 0.1.0 9.00 90.00 99.00 NOTE
r-patched-linux-x86_64 0.1.0 1.77 29.48 31.25 OK
r-patched-solaris-x86 0.1.0 121.70 NOTE
r-release-linux-x86_64 0.1.0 1.74 29.27 31.01 OK
r-release-windows-ix86+x86_64 0.1.0 8.00 56.00 64.00 NOTE
r-release-osx-x86_64 0.1.0 NOTE
r-oldrel-windows-ix86+x86_64 0.1.0 3.00 61.00 64.00 NOTE
r-oldrel-osx-x86_64 0.1.0 NOTE

Check Details

Version: 0.1.0
Check: dependencies in R code
Result: NOTE
    Namespace in Imports field not imported from: ‘mcmcplots’
     All declared Imports should be used.
Flavors: r-devel-linux-x86_64-fedora-gcc, r-patched-solaris-x86, r-release-osx-x86_64, r-oldrel-osx-x86_64

Version: 0.1.0
Check: package dependencies
Result: NOTE
    Package suggested but not available for checking: 'doMC'
Flavors: r-devel-windows-ix86+x86_64, r-release-windows-ix86+x86_64, r-oldrel-windows-ix86+x86_64