CRAN Package Check Results for Package tripack

Last updated on 2020-01-27 00:48:25 CET.

Flavor Version Tinstall Tcheck Ttotal Status Flags
r-devel-linux-x86_64-debian-clang 1.3-8 7.58 31.01 38.59 OK
r-devel-linux-x86_64-debian-gcc 1.3-8 5.51 24.29 29.80 OK
r-devel-linux-x86_64-fedora-clang 1.3-8 47.61 NOTE
r-devel-linux-x86_64-fedora-gcc 1.3-8 46.03 NOTE
r-devel-windows-ix86+x86_64 1.3-8 30.00 74.00 104.00 OK
r-devel-windows-ix86+x86_64-gcc8 1.3-8 23.00 71.00 94.00 OK
r-patched-linux-x86_64 1.3-8 5.70 28.47 34.17 OK
r-patched-solaris-x86 1.3-8 58.20 OK
r-release-linux-x86_64 1.3-8 5.99 28.50 34.49 OK
r-release-windows-ix86+x86_64 1.3-8 22.00 67.00 89.00 OK
r-release-osx-x86_64 1.3-8 OK
r-oldrel-windows-ix86+x86_64 1.3-8 20.00 44.00 64.00 OK
r-oldrel-osx-x86_64 1.3-8 OK

Additional issues

LTO

Check Details

Version: 1.3-8
Check: compiled code
Result: NOTE
    File ‘tripack/libs/tripack.so’:
     Found no call to: ‘R_useDynamicSymbols’
    
    It is good practice to register native routines and to disable symbol
    search.
    
    See ‘Writing portable packages’ in the ‘Writing R Extensions’ manual.
Flavors: r-devel-linux-x86_64-fedora-clang, r-devel-linux-x86_64-fedora-gcc