CRAN Package Check Results for Package tolerance

Last updated on 2019-11-17 01:48:25 CET.

Flavor Version Tinstall Tcheck Ttotal Status Flags
r-devel-linux-x86_64-debian-clang 1.3.0 11.68 90.36 102.04 OK
r-devel-linux-x86_64-debian-gcc 1.3.0 9.44 66.11 75.55 OK
r-devel-linux-x86_64-fedora-clang 1.3.0 124.20 OK
r-devel-linux-x86_64-fedora-gcc 1.3.0 115.14 OK
r-devel-windows-ix86+x86_64 1.3.0 36.00 141.00 177.00 OK
r-patched-linux-x86_64 1.3.0 8.75 84.07 92.82 OK
r-patched-solaris-x86 1.3.0 160.50 OK
r-release-linux-x86_64 1.3.0 12.13 84.21 96.34 OK
r-release-windows-ix86+x86_64 1.3.0 19.00 138.00 157.00 OK
r-release-osx-x86_64 1.3.0 WARN
r-oldrel-windows-ix86+x86_64 1.3.0 12.00 136.00 148.00 OK
r-oldrel-osx-x86_64 1.3.0 OK

Check Details

Version: 1.3.0
Check: whether package can be installed
Result: WARN
    Found the following significant warnings:
     Warning: 'rgl_init' failed, running with rgl.useNULL = TRUE
Flavor: r-release-osx-x86_64