CRAN Package Check Results for Package tm.plugin.webmining

Last updated on 2019-05-24 01:47:40 CEST.

Flavor Version Tinstall Tcheck Ttotal Status Flags
r-devel-linux-x86_64-debian-clang 1.3 6.79 59.64 66.43 NOTE
r-devel-linux-x86_64-debian-gcc 1.3 5.92 46.95 52.87 NOTE
r-devel-linux-x86_64-fedora-clang 1.3 84.61 NOTE
r-devel-linux-x86_64-fedora-gcc 1.3 75.77 NOTE
r-devel-windows-ix86+x86_64 1.3 13.00 108.00 121.00 NOTE
r-patched-linux-x86_64 1.3 7.63 58.09 65.72 NOTE
r-patched-solaris-x86 1.3 125.80 NOTE
r-release-linux-x86_64 1.3 7.54 59.29 66.83 NOTE
r-release-windows-ix86+x86_64 1.3 18.00 81.00 99.00 NOTE
r-release-osx-x86_64 1.3 NOTE
r-oldrel-windows-ix86+x86_64 1.3 7.00 77.00 84.00 NOTE
r-oldrel-osx-x86_64 1.3 NOTE

Check Details

Version: 1.3
Check: R code for possible problems
Result: NOTE
    extractContentDOM: no visible global function definition for
     'capture.output'
    extractHTMLStrip: no visible global function definition for
     'capture.output'
    Undefined global functions or variables:
     capture.output
    Consider adding
     importFrom("utils", "capture.output")
    to your NAMESPACE file.
Flavors: r-devel-linux-x86_64-debian-clang, r-devel-linux-x86_64-debian-gcc, r-devel-linux-x86_64-fedora-clang, r-devel-linux-x86_64-fedora-gcc, r-devel-windows-ix86+x86_64, r-patched-linux-x86_64, r-patched-solaris-x86, r-release-linux-x86_64, r-release-windows-ix86+x86_64, r-release-osx-x86_64, r-oldrel-windows-ix86+x86_64, r-oldrel-osx-x86_64