CRAN Package Check Results for Package tm.plugin.webmining

Last updated on 2019-08-24 01:50:11 CEST.

Flavor Version Tinstall Tcheck Ttotal Status Flags
r-devel-linux-x86_64-debian-clang 1.3 7.19 59.61 66.80 NOTE
r-devel-linux-x86_64-debian-gcc 1.3 5.64 47.79 53.43 NOTE
r-devel-linux-x86_64-fedora-clang 1.3 77.96 NOTE
r-devel-linux-x86_64-fedora-gcc 1.3 80.55 NOTE
r-devel-windows-ix86+x86_64 1.3 9.00 7.00 16.00 ERROR
r-patched-linux-x86_64 1.3 7.31 59.19 66.50 NOTE
r-patched-solaris-x86 1.3 137.60 NOTE
r-release-linux-x86_64 1.3 7.75 60.16 67.91 NOTE
r-release-windows-ix86+x86_64 1.3 19.00 116.00 135.00 NOTE
r-release-osx-x86_64 1.3 NOTE
r-oldrel-windows-ix86+x86_64 1.3 10.00 104.00 114.00 NOTE
r-oldrel-osx-x86_64 1.3 NOTE

Check Details

Version: 1.3
Check: R code for possible problems
Result: NOTE
    extractContentDOM: no visible global function definition for
     'capture.output'
    extractHTMLStrip: no visible global function definition for
     'capture.output'
    Undefined global functions or variables:
     capture.output
    Consider adding
     importFrom("utils", "capture.output")
    to your NAMESPACE file.
Flavors: r-devel-linux-x86_64-debian-clang, r-devel-linux-x86_64-debian-gcc, r-devel-linux-x86_64-fedora-clang, r-devel-linux-x86_64-fedora-gcc, r-patched-linux-x86_64, r-patched-solaris-x86, r-release-linux-x86_64, r-release-windows-ix86+x86_64, r-release-osx-x86_64, r-oldrel-windows-ix86+x86_64, r-oldrel-osx-x86_64

Version: 1.3
Check: whether package can be installed
Result: ERROR
    Installation failed.
Flavor: r-devel-windows-ix86+x86_64