CRAN Package Check Results for Package tinytex

Last updated on 2019-08-24 01:50:11 CEST.

Flavor Version Tinstall Tcheck Ttotal Status Flags
r-devel-linux-x86_64-debian-clang 0.15 2.48 23.63 26.11 OK
r-devel-linux-x86_64-debian-gcc 0.15 2.26 20.05 22.31 OK
r-devel-linux-x86_64-fedora-clang 0.15 45.48 OK
r-devel-linux-x86_64-fedora-gcc 0.15 45.28 OK
r-devel-windows-ix86+x86_64 0.15 6.00 31.00 37.00 OK
r-patched-linux-x86_64 0.15 2.52 24.18 26.70 OK
r-patched-solaris-x86 0.15 74.60 OK
r-release-linux-x86_64 0.15 2.26 24.74 27.00 OK
r-release-windows-ix86+x86_64 0.15 4.00 51.00 55.00 OK
r-release-osx-x86_64 0.15 NOTE
r-oldrel-windows-ix86+x86_64 0.15 10.00 42.00 52.00 OK
r-oldrel-osx-x86_64 0.15 NOTE

Check Details

Version: 0.15
Check: dependencies in R code
Result: NOTE
    No protocol specified
    No protocol specified
Flavors: r-release-osx-x86_64, r-oldrel-osx-x86_64