CRAN Package Check Results for Package timetree

Last updated on 2019-09-15 01:47:08 CEST.

Flavor Version Tinstall Tcheck Ttotal Status Flags
r-devel-linux-x86_64-debian-clang 1.0 7.09 60.70 67.79 NOTE
r-devel-linux-x86_64-debian-gcc 1.0 5.79 50.04 55.83 NOTE
r-devel-linux-x86_64-fedora-clang 1.0 82.64 NOTE
r-devel-linux-x86_64-fedora-gcc 1.0 82.21 NOTE
r-devel-windows-ix86+x86_64 1.0 25.00 74.00 99.00 NOTE
r-patched-linux-x86_64 1.0 7.61 59.74 67.35 NOTE
r-patched-solaris-x86 1.0 128.40 NOTE
r-release-linux-x86_64 1.0 7.21 59.26 66.47 NOTE
r-release-windows-ix86+x86_64 1.0 15.00 109.00 124.00 NOTE
r-release-osx-x86_64 1.0 NOTE
r-oldrel-windows-ix86+x86_64 1.0 12.00 67.00 79.00 NOTE
r-oldrel-osx-x86_64 1.0 NOTE

Check Details

Version: 1.0
Check: R code for possible problems
Result: NOTE
    author.search: no visible binding for global variable 'na.omit'
    reference.list: no visible global function definition for 'na.omit'
    Undefined global functions or variables:
     na.omit
    Consider adding
     importFrom("stats", "na.omit")
    to your NAMESPACE file.
Flavors: r-devel-linux-x86_64-debian-clang, r-devel-linux-x86_64-debian-gcc, r-devel-linux-x86_64-fedora-clang, r-devel-linux-x86_64-fedora-gcc, r-devel-windows-ix86+x86_64, r-patched-linux-x86_64, r-patched-solaris-x86, r-release-linux-x86_64, r-release-windows-ix86+x86_64, r-release-osx-x86_64, r-oldrel-windows-ix86+x86_64, r-oldrel-osx-x86_64