CRAN Package Check Results for Package timetree

Last updated on 2020-01-27 00:48:25 CET.

Flavor Version Tinstall Tcheck Ttotal Status Flags
r-devel-linux-x86_64-debian-clang 1.0 7.93 66.31 74.24 NOTE
r-devel-linux-x86_64-debian-gcc 1.0 6.04 52.58 58.62 NOTE
r-devel-linux-x86_64-fedora-clang 1.0 89.79 NOTE
r-devel-linux-x86_64-fedora-gcc 1.0 89.45 NOTE
r-devel-windows-ix86+x86_64 1.0 21.00 105.00 126.00 NOTE
r-devel-windows-ix86+x86_64-gcc8 1.0 24.00 113.00 137.00 NOTE
r-patched-linux-x86_64 1.0 7.73 59.65 67.38 NOTE
r-patched-solaris-x86 1.0 136.80 NOTE
r-release-linux-x86_64 1.0 6.72 58.99 65.71 NOTE
r-release-windows-ix86+x86_64 1.0 14.00 66.00 80.00 NOTE
r-release-osx-x86_64 1.0 NOTE
r-oldrel-windows-ix86+x86_64 1.0 8.00 82.00 90.00 NOTE
r-oldrel-osx-x86_64 1.0 NOTE

Check Details

Version: 1.0
Check: R code for possible problems
Result: NOTE
    author.search: no visible binding for global variable 'na.omit'
    reference.list: no visible global function definition for 'na.omit'
    Undefined global functions or variables:
     na.omit
    Consider adding
     importFrom("stats", "na.omit")
    to your NAMESPACE file.
Flavors: r-devel-linux-x86_64-debian-clang, r-devel-linux-x86_64-debian-gcc, r-devel-linux-x86_64-fedora-clang, r-devel-linux-x86_64-fedora-gcc, r-devel-windows-ix86+x86_64, r-devel-windows-ix86+x86_64-gcc8, r-patched-linux-x86_64, r-patched-solaris-x86, r-release-linux-x86_64, r-release-windows-ix86+x86_64, r-release-osx-x86_64, r-oldrel-windows-ix86+x86_64, r-oldrel-osx-x86_64