CRAN Package Check Results for Package tidyquant

Last updated on 2019-10-21 02:46:45 CEST.

Flavor Version Tinstall Tcheck Ttotal Status Flags
r-devel-linux-x86_64-debian-clang 0.5.8 8.34 150.59 158.93 OK
r-devel-linux-x86_64-debian-gcc 0.5.8 6.92 114.62 121.54 OK
r-devel-linux-x86_64-fedora-clang 0.5.8 177.12 NOTE
r-devel-linux-x86_64-fedora-gcc 0.5.8 180.38 NOTE
r-devel-windows-ix86+x86_64 0.5.8 17.00 293.00 310.00 OK
r-patched-linux-x86_64 0.5.8 6.97 143.25 150.22 OK
r-patched-solaris-x86 0.5.8 245.50 NOTE
r-release-linux-x86_64 0.5.8 7.50 144.95 152.45 OK
r-release-windows-ix86+x86_64 0.5.8 26.00 216.00 242.00 OK
r-release-osx-x86_64 0.5.8 NOTE
r-oldrel-windows-ix86+x86_64 0.5.8 10.00 181.00 191.00 OK
r-oldrel-osx-x86_64 0.5.8 NOTE

Check Details

Version: 0.5.8
Check: dependencies in R code
Result: NOTE
    Namespace in Imports field not imported from: ‘xml2’
     All declared Imports should be used.
Flavors: r-devel-linux-x86_64-fedora-clang, r-devel-linux-x86_64-fedora-gcc, r-patched-solaris-x86, r-release-osx-x86_64, r-oldrel-osx-x86_64

Version: 0.5.8
Check: package dependencies
Result: NOTE
    Package suggested but not available for checking: ‘Rblpapi’
Flavor: r-patched-solaris-x86

Version: 0.5.8
Check: installed package size
Result: NOTE
     installed size is 5.2Mb
     sub-directories of 1Mb or more:
     doc 4.3Mb
Flavor: r-patched-solaris-x86

Version: 0.5.8
Check: Rd cross-references
Result: NOTE
    Package unavailable to check Rd xrefs: ‘Rblpapi’
Flavor: r-patched-solaris-x86