CRAN Package Check Results for Package tidyquant

Last updated on 2019-07-16 01:50:41 CEST.

Flavor Version Tinstall Tcheck Ttotal Status Flags
r-devel-linux-x86_64-debian-clang 0.5.6 10.44 169.35 179.79 OK
r-devel-linux-x86_64-debian-gcc 0.5.6 8.71 128.99 137.70 OK
r-devel-linux-x86_64-fedora-clang 0.5.6 201.30 NOTE
r-devel-linux-x86_64-fedora-gcc 0.5.6 198.93 NOTE
r-devel-windows-ix86+x86_64 0.5.6 33.00 227.00 260.00 OK
r-patched-linux-x86_64 0.5.6 10.29 162.45 172.74 OK
r-patched-solaris-x86 0.5.6 287.30 NOTE
r-release-linux-x86_64 0.5.6 10.16 165.69 175.85 OK
r-release-windows-ix86+x86_64 0.5.6 24.00 331.00 355.00 OK
r-release-osx-x86_64 0.5.6 ERROR
r-oldrel-windows-ix86+x86_64 0.5.6 21.00 294.00 315.00 OK
r-oldrel-osx-x86_64 0.5.6 NOTE

Check Details

Version: 0.5.6
Check: dependencies in R code
Result: NOTE
    Namespace in Imports field not imported from: ‘xml2’
     All declared Imports should be used.
Flavors: r-devel-linux-x86_64-fedora-clang, r-devel-linux-x86_64-fedora-gcc, r-patched-solaris-x86, r-release-osx-x86_64, r-oldrel-osx-x86_64

Version: 0.5.6
Check: package dependencies
Result: NOTE
    Package suggested but not available for checking: ‘Rblpapi’
Flavor: r-patched-solaris-x86

Version: 0.5.6
Check: installed package size
Result: NOTE
     installed size is 5.1Mb
     sub-directories of 1Mb or more:
     doc 4.1Mb
Flavor: r-patched-solaris-x86

Version: 0.5.6
Check: Rd cross-references
Result: NOTE
    Package unavailable to check Rd xrefs: ‘Rblpapi’
Flavor: r-patched-solaris-x86

Version: 0.5.6
Check: tests
Result: ERROR
     Running ‘testthat.R’ [8s/20s]
    Running the tests in ‘tests/testthat.R’ failed.
    Last 13 lines of output:
     ── 1. Failure: Test prints warning message on invalid x input. (@test_tq_get_sto
     `tq_get("XYZ", get = get)` did not produce any warnings.
    
     ── 2. Failure: Test returns NA on invalid x input. (@test_tq_get_stock_prices.R#
     suppressWarnings(tq_get("XYZ", get = get)) not equal to NA.
     Cols in y but not x: `NA`.
     Cols in x but not y: `adjusted`, `volume`, `open`, `low`, `high`, `close`, `date`.
    
     ══ testthat results ═══════════════════════════════════════════════════════════
     OK: 124 SKIPPED: 1 WARNINGS: 0 FAILED: 2
     1. Failure: Test prints warning message on invalid x input. (@test_tq_get_stock_prices.R#38)
     2. Failure: Test returns NA on invalid x input. (@test_tq_get_stock_prices.R#42)
    
     Error: testthat unit tests failed
     Execution halted
Flavor: r-release-osx-x86_64