CRAN Package Check Results for Package tidybayes

Last updated on 2019-07-19 01:47:28 CEST.

Flavor Version Tinstall Tcheck Ttotal Status Flags
r-devel-linux-x86_64-debian-clang 1.1.0 8.54 177.95 186.49 OK
r-devel-linux-x86_64-debian-gcc 1.1.0 7.20 139.78 146.98 OK
r-devel-linux-x86_64-fedora-clang 1.1.0 218.40 OK
r-devel-linux-x86_64-fedora-gcc 1.1.0 219.05 OK
r-devel-windows-ix86+x86_64 1.1.0 20.00 273.00 293.00 OK
r-patched-linux-x86_64 1.1.0 8.47 176.20 184.67 OK
r-patched-solaris-x86 1.1.0 305.80 NOTE
r-release-linux-x86_64 1.1.0 9.06 175.11 184.17 OK
r-release-windows-ix86+x86_64 1.1.0 15.00 212.00 227.00 OK
r-release-osx-x86_64 1.1.0 OK
r-oldrel-windows-ix86+x86_64 1.1.0 11.00 296.00 307.00 OK
r-oldrel-osx-x86_64 1.1.0 OK

Check Details

Version: 1.1.0
Check: package dependencies
Result: NOTE
    Package suggested but not available for checking: ‘gifski’
Flavor: r-patched-solaris-x86