CRAN Package Check Results for Package tidybayes

Last updated on 2019-05-20 01:46:53 CEST.

Flavor Version Tinstall Tcheck Ttotal Status Flags
r-devel-linux-x86_64-debian-clang 1.0.4 8.52 163.91 172.43 OK
r-devel-linux-x86_64-debian-gcc 1.0.4 7.08 127.56 134.64 OK
r-devel-linux-x86_64-fedora-clang 1.0.4 207.15 OK
r-devel-linux-x86_64-fedora-gcc 1.0.4 196.68 OK
r-devel-windows-ix86+x86_64 1.0.4 27.00 287.00 314.00 OK
r-patched-linux-x86_64 1.0.4 7.32 160.97 168.29 OK
r-patched-solaris-x86 1.0.4 275.00 NOTE
r-release-linux-x86_64 1.0.4 8.21 162.48 170.69 OK
r-release-windows-ix86+x86_64 1.0.4 24.00 302.00 326.00 OK
r-release-osx-x86_64 1.0.4 OK
r-oldrel-windows-ix86+x86_64 1.0.4 16.00 259.00 275.00 OK
r-oldrel-osx-x86_64 1.0.4 OK

Check Details

Version: 1.0.4
Check: package dependencies
Result: NOTE
    Package suggested but not available for checking: ‘gifski’
Flavor: r-patched-solaris-x86