CRAN Package Check Results for Package theiaR

Last updated on 2019-11-12 00:52:58 CET.

Flavor Version Tinstall Tcheck Ttotal Status Flags
r-devel-linux-x86_64-debian-clang 0.2.0 4.44 25.34 29.78 OK
r-devel-linux-x86_64-debian-gcc 0.2.0 4.15 20.54 24.69 OK
r-devel-linux-x86_64-fedora-clang 0.2.0 39.60 NOTE
r-devel-linux-x86_64-fedora-gcc 0.2.0 38.05 NOTE
r-devel-windows-ix86+x86_64 0.2.0 9.00 42.00 51.00 OK
r-patched-linux-x86_64 0.2.0 3.51 24.76 28.27 OK
r-patched-solaris-x86 0.2.0 55.20 NOTE
r-release-linux-x86_64 0.2.0 5.00 24.81 29.81 OK
r-release-windows-ix86+x86_64 0.2.0 13.00 41.00 54.00 OK
r-release-osx-x86_64 0.2.0 NOTE
r-oldrel-windows-ix86+x86_64 0.2.0 7.00 38.00 45.00 OK
r-oldrel-osx-x86_64 0.2.0 NOTE

Check Details

Version: 0.2.0
Check: dependencies in R code
Result: NOTE
    Namespace in Imports field not imported from: ‘tiff’
     All declared Imports should be used.
Flavors: r-devel-linux-x86_64-fedora-clang, r-devel-linux-x86_64-fedora-gcc, r-patched-solaris-x86, r-release-osx-x86_64, r-oldrel-osx-x86_64