CRAN Package Check Results for Package theiaR

Last updated on 2019-07-22 01:46:32 CEST.

Flavor Version Tinstall Tcheck Ttotal Status Flags
r-devel-linux-x86_64-debian-clang 0.2.0 3.73 25.01 28.74 OK
r-devel-linux-x86_64-debian-gcc 0.2.0 3.87 20.74 24.61 OK
r-devel-linux-x86_64-fedora-clang 0.2.0 38.35 NOTE
r-devel-linux-x86_64-fedora-gcc 0.2.0 35.37 NOTE
r-devel-windows-ix86+x86_64 0.2.0 7.00 57.00 64.00 OK
r-patched-linux-x86_64 0.2.0 4.60 25.55 30.15 OK
r-patched-solaris-x86 0.2.0 56.50 NOTE
r-release-linux-x86_64 0.2.0 4.58 25.68 30.26 OK
r-release-windows-ix86+x86_64 0.2.0 6.00 39.00 45.00 OK
r-release-osx-x86_64 0.2.0 NOTE
r-oldrel-windows-ix86+x86_64 0.2.0 8.00 56.00 64.00 OK
r-oldrel-osx-x86_64 0.2.0 NOTE

Check Details

Version: 0.2.0
Check: dependencies in R code
Result: NOTE
    Namespace in Imports field not imported from: ‘tiff’
     All declared Imports should be used.
Flavors: r-devel-linux-x86_64-fedora-clang, r-devel-linux-x86_64-fedora-gcc, r-patched-solaris-x86, r-release-osx-x86_64, r-oldrel-osx-x86_64