CRAN Package Check Results for Package textmineR

Last updated on 2019-11-12 00:52:57 CET.

Flavor Version Tinstall Tcheck Ttotal Status Flags
r-devel-linux-x86_64-debian-clang 3.0.4 99.94 98.83 198.77 OK --no-vignettes
r-devel-linux-x86_64-debian-gcc 3.0.4 70.17 72.90 143.07 OK --no-vignettes
r-devel-linux-x86_64-fedora-clang 3.0.4 576.22 NOTE
r-devel-linux-x86_64-fedora-gcc 3.0.4 542.85 OK
r-devel-windows-ix86+x86_64 3.0.4 201.00 570.00 771.00 OK
r-patched-linux-x86_64 3.0.4 81.32 96.44 177.76 OK --no-vignettes
r-patched-solaris-x86 3.0.4 669.30 OK
r-release-linux-x86_64 3.0.4 74.73 93.72 168.45 OK --no-vignettes
r-release-windows-ix86+x86_64 3.0.4 261.00 687.00 948.00 OK
r-release-osx-x86_64 3.0.4 NOTE
r-oldrel-windows-ix86+x86_64 3.0.4 257.00 652.00 909.00 OK
r-oldrel-osx-x86_64 3.0.4 OK

Check Details

Version: 3.0.4
Check: installed package size
Result: NOTE
     installed size is 5.4Mb
     sub-directories of 1Mb or more:
     libs 3.6Mb
Flavors: r-devel-linux-x86_64-fedora-clang, r-release-osx-x86_64