CRAN Package Check Results for Package textmineR

Last updated on 2019-07-23 01:50:04 CEST.

Flavor Version Tinstall Tcheck Ttotal Status Flags
r-devel-linux-x86_64-debian-clang 3.0.4 86.45 95.53 181.98 OK --no-vignettes
r-devel-linux-x86_64-debian-gcc 3.0.4 67.10 74.04 141.14 OK --no-vignettes
r-devel-linux-x86_64-fedora-clang 3.0.4 565.25 NOTE
r-devel-linux-x86_64-fedora-gcc 3.0.4 582.46 OK
r-devel-windows-ix86+x86_64 3.0.4 183.00 731.00 914.00 OK
r-patched-linux-x86_64 3.0.4 82.06 93.53 175.59 OK --no-vignettes
r-patched-solaris-x86 3.0.4 726.50 OK
r-release-linux-x86_64 3.0.4 78.41 92.80 171.21 OK --no-vignettes
r-release-windows-ix86+x86_64 3.0.4 171.00 545.00 716.00 OK
r-release-osx-x86_64 3.0.4 NOTE
r-oldrel-windows-ix86+x86_64 3.0.4 245.00 663.00 908.00 OK
r-oldrel-osx-x86_64 3.0.4 OK

Check Details

Version: 3.0.4
Check: installed package size
Result: NOTE
     installed size is 5.0Mb
     sub-directories of 1Mb or more:
     libs 3.2Mb
Flavors: r-devel-linux-x86_64-fedora-clang, r-release-osx-x86_64