CRAN Package Check Results for Package textTinyR

Last updated on 2019-08-17 02:47:49 CEST.

Flavor Version Tinstall Tcheck Ttotal Status Flags
r-devel-linux-x86_64-debian-clang 1.1.3 108.41 122.48 230.89 OK
r-devel-linux-x86_64-debian-gcc 1.1.3 95.34 100.16 195.50 OK
r-devel-linux-x86_64-fedora-clang 1.1.3 341.42 NOTE
r-devel-linux-x86_64-fedora-gcc 1.1.3 339.13 OK
r-devel-windows-ix86+x86_64 1.1.3 293.00 196.00 489.00 OK
r-patched-linux-x86_64 1.1.3 106.98 117.93 224.91 OK
r-patched-solaris-x86 1.1.3 385.40 OK
r-release-linux-x86_64 1.1.3 102.92 118.55 221.47 OK
r-release-windows-ix86+x86_64 1.1.3 268.00 235.00 503.00 OK
r-release-osx-x86_64 1.1.3 NOTE
r-oldrel-windows-ix86+x86_64 1.1.3 261.00 217.00 478.00 OK
r-oldrel-osx-x86_64 1.1.3 NOTE

Check Details

Version: 1.1.3
Check: installed package size
Result: NOTE
     installed size is 14.8Mb
     sub-directories of 1Mb or more:
     libs 13.3Mb
Flavors: r-devel-linux-x86_64-fedora-clang, r-release-osx-x86_64, r-oldrel-osx-x86_64