CRAN Package Check Results for Package textTinyR

Last updated on 2019-05-22 01:46:52 CEST.

Flavor Version Tinstall Tcheck Ttotal Status Flags
r-devel-linux-x86_64-debian-clang 1.1.3 107.51 123.63 231.14 OK
r-devel-linux-x86_64-debian-gcc 1.1.3 94.06 101.46 195.52 OK
r-devel-linux-x86_64-fedora-clang 1.1.3 350.53 NOTE
r-devel-linux-x86_64-fedora-gcc 1.1.3 310.63 OK
r-devel-windows-ix86+x86_64 1.1.3 210.00 231.00 441.00 OK
r-patched-linux-x86_64 1.1.3 109.79 120.58 230.37 OK
r-patched-solaris-x86 1.1.3 427.20 OK
r-release-linux-x86_64 1.1.3 106.85 119.63 226.48 OK
r-release-windows-ix86+x86_64 1.1.3 288.00 195.00 483.00 OK
r-release-osx-x86_64 1.1.3 NOTE
r-oldrel-windows-ix86+x86_64 1.1.3 186.00 154.00 340.00 OK
r-oldrel-osx-x86_64 1.1.3 NOTE

Check Details

Version: 1.1.3
Check: installed package size
Result: NOTE
     installed size is 14.8Mb
     sub-directories of 1Mb or more:
     libs 13.3Mb
Flavors: r-devel-linux-x86_64-fedora-clang, r-release-osx-x86_64, r-oldrel-osx-x86_64