CRAN Package Check Results for Package tcpl

Last updated on 2019-05-22 01:46:52 CEST.

Flavor Version Tinstall Tcheck Ttotal Status Flags
r-devel-linux-x86_64-debian-clang 2.0.1 9.73 139.40 149.13 OK
r-devel-linux-x86_64-debian-gcc 2.0.1 8.81 122.56 131.37 OK
r-devel-linux-x86_64-fedora-clang 2.0.1 171.62 OK
r-devel-linux-x86_64-fedora-gcc 2.0.1 159.15 OK
r-devel-windows-ix86+x86_64 2.0.1 16.00 171.00 187.00 OK
r-patched-linux-x86_64 2.0.1 9.33 137.58 146.91 OK
r-patched-solaris-x86 2.0.1 208.10 OK
r-release-linux-x86_64 2.0.1 9.41 133.46 142.87 OK
r-release-windows-ix86+x86_64 2.0.1 25.00 162.00 187.00 OK
r-release-osx-x86_64 2.0.1 OK
r-oldrel-windows-ix86+x86_64 2.0.1 12.00 119.00 131.00 OK
r-oldrel-osx-x86_64 2.0.1 OK

Check Details

Version: 2.0.1
Check: examples
Result: FAIL
    
Flavor: r-release-osx-x86_64