CRAN Package Check Results for Package tanaka

Last updated on 2019-10-19 01:50:27 CEST.

Flavor Version Tinstall Tcheck Ttotal Status Flags
r-devel-linux-x86_64-debian-clang 0.1.1 9.68 89.05 98.73 OK
r-devel-linux-x86_64-debian-gcc 0.1.1 7.04 69.30 76.34 OK
r-devel-linux-x86_64-fedora-clang 0.1.1 129.26 OK
r-devel-linux-x86_64-fedora-gcc 0.1.1 121.77 OK
r-devel-windows-ix86+x86_64 0.1.1 24.00 98.00 122.00 OK
r-patched-linux-x86_64 0.1.1 8.05 86.52 94.57 OK
r-patched-solaris-x86 0.1.1 177.40 OK
r-release-linux-x86_64 0.1.1 8.36 87.98 96.34 OK
r-release-windows-ix86+x86_64 0.1.1 16.00 83.00 99.00 OK
r-release-osx-x86_64 0.1.1 OK
r-oldrel-windows-ix86+x86_64 0.1.1 9.00 85.00 94.00 ERROR
r-oldrel-osx-x86_64 0.1.1 ERROR

Check Details

Version: 0.1.1
Check: examples
Result: ERROR
    Running examples in 'tanaka-Ex.R' failed
    The error most likely occurred in:
    
    > ### Name: tanaka
    > ### Title: Plot a Tanaka Map
    > ### Aliases: tanaka
    >
    > ### ** Examples
    >
    > library(tanaka)
    > library(raster)
    Loading required package: sp
    > library(sf)
    Linking to GEOS 3.6.1, GDAL 2.2.3, PROJ 4.9.3
    > com <- st_read(system.file("gpkg/com.gpkg", package = "tanaka"),
    + quiet = TRUE)
    > ras <- raster(system.file("grd/elev.grd", package = "tanaka"))
    > tanaka(ras)
    > tanaka(ras, mask = com)
    > tanaka(ras, breaks = seq(80,400,20),
    + legend.pos = "topright",
    + legend.title = "Elevation\n(meters)")
    > tanaka(ras, nclass = 15,
    + col = hcl.colors(15, "YlOrRd"),
    + legend.pos = "topright",
    + legend.title = "Elevation\n(meters)")
    Error in hcl.colors(15, "YlOrRd") : could not find function "hcl.colors"
    Calls: tanaka -> plot -> plot.sfc_MULTIPOLYGON
    Execution halted
Flavor: r-oldrel-windows-ix86+x86_64

Version: 0.1.1
Check: examples
Result: ERROR
    Running examples in ‘tanaka-Ex.R’ failed
    The error most likely occurred in:
    
    > ### Name: tanaka
    > ### Title: Plot a Tanaka Map
    > ### Aliases: tanaka
    >
    > ### ** Examples
    >
    > library(tanaka)
    > library(raster)
    Loading required package: sp
    > library(sf)
    Linking to GEOS 3.7.2, GDAL 2.4.2, PROJ 5.2.0
    > com <- st_read(system.file("gpkg/com.gpkg", package = "tanaka"),
    + quiet = TRUE)
    > ras <- raster(system.file("grd/elev.grd", package = "tanaka"))
    > tanaka(ras)
    > tanaka(ras, mask = com)
    > tanaka(ras, breaks = seq(80,400,20),
    + legend.pos = "topright",
    + legend.title = "Elevation\n(meters)")
    > tanaka(ras, nclass = 15,
    + col = hcl.colors(15, "YlOrRd"),
    + legend.pos = "topright",
    + legend.title = "Elevation\n(meters)")
    Error in hcl.colors(15, "YlOrRd") : could not find function "hcl.colors"
    Calls: tanaka -> plot -> plot.sfc_MULTIPOLYGON
    Execution halted
Flavor: r-oldrel-osx-x86_64