CRAN Package Check Results for Package takos

Last updated on 2020-01-27 00:48:24 CET.

Flavor Version Tinstall Tcheck Ttotal Status Flags
r-devel-linux-x86_64-debian-clang 0.1.0 6.72 58.88 65.60 OK
r-devel-linux-x86_64-debian-gcc 0.1.0 0.37 1.75 2.12 ERROR
r-devel-linux-x86_64-fedora-clang 0.1.0 77.79 NOTE
r-devel-linux-x86_64-fedora-gcc 0.1.0 74.72 NOTE
r-devel-windows-ix86+x86_64 0.1.0 27.00 108.00 135.00 OK
r-devel-windows-ix86+x86_64-gcc8 0.1.0 24.00 103.00 127.00 OK
r-patched-linux-x86_64 0.1.0 6.10 51.37 57.47 OK
r-patched-solaris-x86 0.1.0 112.80 NOTE
r-release-linux-x86_64 0.1.0 6.44 52.80 59.24 OK
r-release-windows-ix86+x86_64 0.1.0 13.00 74.00 87.00 OK
r-release-osx-x86_64 0.1.0 NOTE
r-oldrel-windows-ix86+x86_64 0.1.0 8.00 76.00 84.00 OK
r-oldrel-osx-x86_64 0.1.0 NOTE

Check Details

Version: 0.1.0
Check: package dependencies
Result: ERROR
    Package required but not available: ‘sfsmisc’
    
    See section ‘The DESCRIPTION file’ in the ‘Writing R Extensions’
    manual.
Flavor: r-devel-linux-x86_64-debian-gcc

Version: 0.1.0
Check: dependencies in R code
Result: NOTE
    Namespaces in Imports field not imported from:
     ‘MASS’ ‘devEMF’ ‘segmented’ ‘smoother’ ‘tools’
     All declared Imports should be used.
Flavors: r-devel-linux-x86_64-fedora-clang, r-devel-linux-x86_64-fedora-gcc, r-patched-solaris-x86, r-release-osx-x86_64, r-oldrel-osx-x86_64