CRAN Package Check Results for Package takos

Last updated on 2019-08-25 01:47:28 CEST.

Flavor Version Tinstall Tcheck Ttotal Status Flags
r-devel-linux-x86_64-debian-clang 0.1.0 6.03 54.64 60.67 OK
r-devel-linux-x86_64-debian-gcc 0.1.0 5.29 40.82 46.11 OK
r-devel-linux-x86_64-fedora-clang 0.1.0 70.03 NOTE
r-devel-linux-x86_64-fedora-gcc 0.1.0 67.91 NOTE
r-devel-windows-ix86+x86_64 0.1.0 14.00 93.00 107.00 OK
r-patched-linux-x86_64 0.1.0 7.02 50.66 57.68 OK
r-patched-solaris-x86 0.1.0 111.00 NOTE
r-release-linux-x86_64 0.1.0 6.49 50.79 57.28 OK
r-release-windows-ix86+x86_64 0.1.0 23.00 110.00 133.00 OK
r-release-osx-x86_64 0.1.0 NOTE
r-oldrel-windows-ix86+x86_64 0.1.0 14.00 86.00 100.00 OK
r-oldrel-osx-x86_64 0.1.0 NOTE

Check Details

Version: 0.1.0
Check: dependencies in R code
Result: NOTE
    Namespaces in Imports field not imported from:
     ‘MASS’ ‘devEMF’ ‘segmented’ ‘smoother’ ‘tools’
     All declared Imports should be used.
Flavors: r-devel-linux-x86_64-fedora-clang, r-devel-linux-x86_64-fedora-gcc, r-patched-solaris-x86, r-release-osx-x86_64, r-oldrel-osx-x86_64