CRAN Package Check Results for Package tableHTML

Last updated on 2019-07-16 01:50:41 CEST.

Flavor Version Tinstall Tcheck Ttotal Status Flags
r-devel-linux-x86_64-debian-clang 2.0.0 3.66 50.89 54.55 NOTE
r-devel-linux-x86_64-debian-gcc 2.0.0 3.26 40.53 43.79 NOTE
r-devel-linux-x86_64-fedora-clang 2.0.0 66.14 NOTE
r-devel-linux-x86_64-fedora-gcc 2.0.0 64.28 NOTE
r-devel-windows-ix86+x86_64 2.0.0 17.00 65.00 82.00 NOTE
r-patched-linux-x86_64 2.0.0 3.69 50.19 53.88 OK
r-patched-solaris-x86 2.0.0 89.80 NOTE
r-release-linux-x86_64 2.0.0 3.99 50.57 54.56 OK
r-release-windows-ix86+x86_64 2.0.0 10.00 95.00 105.00 NOTE
r-release-osx-x86_64 2.0.0 NOTE
r-oldrel-windows-ix86+x86_64 2.0.0 11.00 61.00 72.00 NOTE
r-oldrel-osx-x86_64 2.0.0 NOTE

Check Details

Version: 2.0.0
Check: for non-standard things in the check directory
Result: NOTE
    Found the following files/directories:
     'myhtmlcode.html'
Flavors: r-devel-linux-x86_64-debian-clang, r-devel-linux-x86_64-debian-gcc, r-devel-linux-x86_64-fedora-clang, r-devel-linux-x86_64-fedora-gcc

Version: 2.0.0
Check: installed package size
Result: NOTE
     installed size is 6.0Mb
     sub-directories of 1Mb or more:
     doc 5.8Mb
Flavors: r-devel-linux-x86_64-fedora-clang, r-devel-windows-ix86+x86_64, r-patched-solaris-x86, r-release-windows-ix86+x86_64, r-release-osx-x86_64, r-oldrel-windows-ix86+x86_64, r-oldrel-osx-x86_64

Version: 2.0.0
Check: dependencies in R code
Result: NOTE
    Namespace in Imports field not imported from: ‘shiny’
     All declared Imports should be used.
Flavors: r-devel-linux-x86_64-fedora-clang, r-devel-linux-x86_64-fedora-gcc, r-patched-solaris-x86, r-release-osx-x86_64, r-oldrel-osx-x86_64