CRAN Package Check Results for Package tableHTML

Last updated on 2019-10-21 02:46:45 CEST.

Flavor Version Tinstall Tcheck Ttotal Status Flags
r-devel-linux-x86_64-debian-clang 2.0.0 4.87 49.68 54.55 NOTE
r-devel-linux-x86_64-debian-gcc 2.0.0 4.01 39.65 43.66 NOTE
r-devel-linux-x86_64-fedora-clang 2.0.0 69.30 NOTE
r-devel-linux-x86_64-fedora-gcc 2.0.0 66.18 NOTE
r-devel-windows-ix86+x86_64 2.0.0 12.00 95.00 107.00 NOTE
r-patched-linux-x86_64 2.0.0 3.48 49.46 52.94 OK
r-patched-solaris-x86 2.0.0 83.70 NOTE
r-release-linux-x86_64 2.0.0 4.11 51.64 55.75 OK
r-release-windows-ix86+x86_64 2.0.0 15.00 69.00 84.00 NOTE
r-release-osx-x86_64 2.0.0 NOTE
r-oldrel-windows-ix86+x86_64 2.0.0 8.00 61.00 69.00 NOTE
r-oldrel-osx-x86_64 2.0.0 NOTE

Check Details

Version: 2.0.0
Check: for non-standard things in the check directory
Result: NOTE
    Found the following files/directories:
     'myhtmlcode.html'
Flavors: r-devel-linux-x86_64-debian-clang, r-devel-linux-x86_64-debian-gcc, r-devel-linux-x86_64-fedora-clang, r-devel-linux-x86_64-fedora-gcc

Version: 2.0.0
Check: installed package size
Result: NOTE
     installed size is 6.0Mb
     sub-directories of 1Mb or more:
     doc 5.8Mb
Flavors: r-devel-linux-x86_64-fedora-clang, r-devel-windows-ix86+x86_64, r-patched-solaris-x86, r-release-windows-ix86+x86_64, r-release-osx-x86_64, r-oldrel-windows-ix86+x86_64, r-oldrel-osx-x86_64

Version: 2.0.0
Check: dependencies in R code
Result: NOTE
    Namespace in Imports field not imported from: ‘shiny’
     All declared Imports should be used.
Flavors: r-devel-linux-x86_64-fedora-clang, r-devel-linux-x86_64-fedora-gcc, r-patched-solaris-x86, r-release-osx-x86_64, r-oldrel-osx-x86_64