CRAN Package Check Results for Package swmmr

Last updated on 2019-10-21 02:46:45 CEST.

Flavor Version Tinstall Tcheck Ttotal Status Flags
r-devel-linux-x86_64-debian-clang 0.9.0 20.62 42.55 63.17 WARN
r-devel-linux-x86_64-debian-gcc 0.9.0 14.22 33.66 47.88 WARN
r-devel-linux-x86_64-fedora-clang 0.9.0 82.89 OK
r-devel-linux-x86_64-fedora-gcc 0.9.0 79.70 WARN
r-devel-windows-ix86+x86_64 0.9.0 42.00 111.00 153.00 OK
r-patched-linux-x86_64 0.9.0 16.16 41.41 57.57 OK
r-patched-solaris-x86 0.9.0 103.80 OK
r-release-linux-x86_64 0.9.0 15.97 42.20 58.17 OK
r-release-windows-ix86+x86_64 0.9.0 56.00 104.00 160.00 OK
r-release-osx-x86_64 0.9.0 OK
r-oldrel-windows-ix86+x86_64 0.9.0 33.00 75.00 108.00 OK
r-oldrel-osx-x86_64 0.9.0 OK

Check Details

Version: 0.9.0
Check: whether package can be installed
Result: WARN
    Found the following significant warnings:
     swmm5_iface.cpp:59:3: warning: ignoring return value of function declared with 'warn_unused_result' attribute [-Wunused-result]
     swmm5_iface.cpp:60:3: warning: ignoring return value of function declared with 'warn_unused_result' attribute [-Wunused-result]
     swmm5_iface.cpp:61:3: warning: ignoring return value of function declared with 'warn_unused_result' attribute [-Wunused-result]
     swmm5_iface.cpp:62:3: warning: ignoring return value of function declared with 'warn_unused_result' attribute [-Wunused-result]
     swmm5_iface.cpp:63:3: warning: ignoring return value of function declared with 'warn_unused_result' attribute [-Wunused-result]
     swmm5_iface.cpp:67:3: warning: ignoring return value of function declared with 'warn_unused_result' attribute [-Wunused-result]
     swmm5_iface.cpp:84:3: warning: ignoring return value of function declared with 'warn_unused_result' attribute [-Wunused-result]
     swmm5_iface.cpp:85:3: warning: ignoring return value of function declared with 'warn_unused_result' attribute [-Wunused-result]
     swmm5_iface.cpp:86:3: warning: ignoring return value of function declared with 'warn_unused_result' attribute [-Wunused-result]
     swmm5_iface.cpp:87:3: warning: ignoring return value of function declared with 'warn_unused_result' attribute [-Wunused-result]
     swmm5_iface.cpp:88:3: warning: ignoring return value of function declared with 'warn_unused_result' attribute [-Wunused-result]
     swmm5_iface.cpp:89:3: warning: ignoring return value of function declared with 'warn_unused_result' attribute [-Wunused-result]
     swmm5_iface.cpp:99:5: warning: ignoring return value of function declared with 'warn_unused_result' attribute [-Wunused-result]
     swmm5_iface.cpp:108:5: warning: ignoring return value of function declared with 'warn_unused_result' attribute [-Wunused-result]
     swmm5_iface.cpp:117:5: warning: ignoring return value of function declared with 'warn_unused_result' attribute [-Wunused-result]
     swmm5_iface.cpp:126:5: warning: ignoring return value of function declared with 'warn_unused_result' attribute [-Wunused-result]
     swmm5_iface.cpp:138:5: warning: ignoring return value of function declared with 'warn_unused_result' attribute [-Wunused-result]
     swmm5_iface.cpp:140:5: warning: ignoring return value of function declared with 'warn_unused_result' attribute [-Wunused-result]
     swmm5_iface.cpp:142:5: warning: ignoring return value of function declared with 'warn_unused_result' attribute [-Wunused-result]
     swmm5_iface.cpp:144:5: warning: ignoring return value of function declared with 'warn_unused_result' attribute [-Wunused-result]
     swmm5_iface.cpp:149:5: warning: ignoring return value of function declared with 'warn_unused_result' attribute [-Wunused-result]
     swmm5_iface.cpp:150:5: warning: ignoring return value of function declared with 'warn_unused_result' attribute [-Wunused-result]
     swmm5_iface.cpp:207:5: warning: ignoring return value of function declared with 'warn_unused_result' attribute [-Wunused-result]
Flavor: r-devel-linux-x86_64-debian-clang

Version: 0.9.0
Check: whether package can be installed
Result: WARN
    Found the following significant warnings:
     swmm5_iface.cpp:59:8: warning: ignoring return value of ‘size_t fread(void*, size_t, size_t, FILE*)’, declared with attribute warn_unused_result [-Wunused-result]
     swmm5_iface.cpp:60:8: warning: ignoring return value of ‘size_t fread(void*, size_t, size_t, FILE*)’, declared with attribute warn_unused_result [-Wunused-result]
     swmm5_iface.cpp:61:8: warning: ignoring return value of ‘size_t fread(void*, size_t, size_t, FILE*)’, declared with attribute warn_unused_result [-Wunused-result]
     swmm5_iface.cpp:62:8: warning: ignoring return value of ‘size_t fread(void*, size_t, size_t, FILE*)’, declared with attribute warn_unused_result [-Wunused-result]
     swmm5_iface.cpp:63:8: warning: ignoring return value of ‘size_t fread(void*, size_t, size_t, FILE*)’, declared with attribute warn_unused_result [-Wunused-result]
     swmm5_iface.cpp:67:8: warning: ignoring return value of ‘size_t fread(void*, size_t, size_t, FILE*)’, declared with attribute warn_unused_result [-Wunused-result]
     swmm5_iface.cpp:84:8: warning: ignoring return value of ‘size_t fread(void*, size_t, size_t, FILE*)’, declared with attribute warn_unused_result [-Wunused-result]
     swmm5_iface.cpp:85:8: warning: ignoring return value of ‘size_t fread(void*, size_t, size_t, FILE*)’, declared with attribute warn_unused_result [-Wunused-result]
     swmm5_iface.cpp:86:8: warning: ignoring return value of ‘size_t fread(void*, size_t, size_t, FILE*)’, declared with attribute warn_unused_result [-Wunused-result]
     swmm5_iface.cpp:87:8: warning: ignoring return value of ‘size_t fread(void*, size_t, size_t, FILE*)’, declared with attribute warn_unused_result [-Wunused-result]
     swmm5_iface.cpp:88:8: warning: ignoring return value of ‘size_t fread(void*, size_t, size_t, FILE*)’, declared with attribute warn_unused_result [-Wunused-result]
     swmm5_iface.cpp:89:8: warning: ignoring return value of ‘size_t fread(void*, size_t, size_t, FILE*)’, declared with attribute warn_unused_result [-Wunused-result]
     swmm5_iface.cpp:99:10: warning: ignoring return value of ‘size_t fread(void*, size_t, size_t, FILE*)’, declared with attribute warn_unused_result [-Wunused-result]
     swmm5_iface.cpp:108:10: warning: ignoring return value of ‘size_t fread(void*, size_t, size_t, FILE*)’, declared with attribute warn_unused_result [-Wunused-result]
     swmm5_iface.cpp:117:10: warning: ignoring return value of ‘size_t fread(void*, size_t, size_t, FILE*)’, declared with attribute warn_unused_result [-Wunused-result]
     swmm5_iface.cpp:126:10: warning: ignoring return value of ‘size_t fread(void*, size_t, size_t, FILE*)’, declared with attribute warn_unused_result [-Wunused-result]
     swmm5_iface.cpp:138:10: warning: ignoring return value of ‘size_t fread(void*, size_t, size_t, FILE*)’, declared with attribute warn_unused_result [-Wunused-result]
     swmm5_iface.cpp:140:10: warning: ignoring return value of ‘size_t fread(void*, size_t, size_t, FILE*)’, declared with attribute warn_unused_result [-Wunused-result]
     swmm5_iface.cpp:142:10: warning: ignoring return value of ‘size_t fread(void*, size_t, size_t, FILE*)’, declared with attribute warn_unused_result [-Wunused-result]
     swmm5_iface.cpp:144:10: warning: ignoring return value of ‘size_t fread(void*, size_t, size_t, FILE*)’, declared with attribute warn_unused_result [-Wunused-result]
     swmm5_iface.cpp:149:10: warning: ignoring return value of ‘size_t fread(void*, size_t, size_t, FILE*)’, declared with attribute warn_unused_result [-Wunused-result]
     swmm5_iface.cpp:150:10: warning: ignoring return value of ‘size_t fread(void*, size_t, size_t, FILE*)’, declared with attribute warn_unused_result [-Wunused-result]
     swmm5_iface.cpp:207:10: warning: ignoring return value of ‘size_t fread(void*, size_t, size_t, FILE*)’, declared with attribute warn_unused_result [-Wunused-result]
Flavors: r-devel-linux-x86_64-debian-gcc, r-devel-linux-x86_64-fedora-gcc