CRAN Package Check Results for Package switchr

Last updated on 2019-07-19 01:47:27 CEST.

Flavor Version Tinstall Tcheck Ttotal Status Flags
r-devel-linux-x86_64-debian-clang 0.13.5 8.39 547.29 555.68 OK
r-devel-linux-x86_64-debian-gcc 0.13.5 7.60 444.84 452.44 OK
r-devel-linux-x86_64-fedora-clang 0.13.5 719.95 OK
r-devel-linux-x86_64-fedora-gcc 0.13.5 620.34 OK
r-devel-windows-ix86+x86_64 0.13.5 154.00 323.00 477.00 WARN
r-patched-linux-x86_64 0.13.5 9.24 528.49 537.73 OK
r-patched-solaris-x86 0.13.5 279.80 OK
r-release-linux-x86_64 0.13.5 8.68 531.15 539.83 OK
r-release-windows-ix86+x86_64 0.13.5 258.00 946.00 1204.00 OK
r-release-osx-x86_64 0.13.5 ERROR
r-oldrel-windows-ix86+x86_64 0.13.5 38.00 1179.00 1217.00 OK
r-oldrel-osx-x86_64 0.13.5 OK

Check Details

Version: 0.13.5
Check: dependencies in R code
Result: NOTE
    Warning in value[[3L]](cond) : Unable to populate the BiocDevel object
    Warning in value[[3L]](cond) : Unable to populate the BiocDevel object
Flavor: r-devel-windows-ix86+x86_64

Version: 0.13.5
Check: S3 generic/method consistency
Result: WARN
    Warning in value[[3L]](cond) : Unable to populate the BiocDevel object
    Warning in value[[3L]](cond) : Unable to populate the BiocDevel object
    See section 'Generic functions and methods' in the 'Writing R
    Extensions' manual.
Flavor: r-devel-windows-ix86+x86_64

Version: 0.13.5
Check: foreign function calls
Result: NOTE
    Warning in value[[3L]](cond) : Unable to populate the BiocDevel object
    Warning in value[[3L]](cond) : Unable to populate the BiocDevel object
    See chapter 'System and foreign language interfaces' in the 'Writing R
    Extensions' manual.
Flavor: r-devel-windows-ix86+x86_64

Version: 0.13.5
Check: R code for possible problems
Result: NOTE
    Warning in value[[3L]](cond) : Unable to populate the BiocDevel object
    Warning in value[[3L]](cond) : Unable to populate the BiocDevel object
Flavor: r-devel-windows-ix86+x86_64

Version: 0.13.5
Check: for missing documentation entries
Result: WARN
    Warning in value[[3L]](cond) : Unable to populate the BiocDevel object
    Warning in value[[3L]](cond) : Unable to populate the BiocDevel object
    All user-level objects in a package should have documentation entries.
    See chapter 'Writing R documentation files' in the 'Writing R
    Extensions' manual.
Flavor: r-devel-windows-ix86+x86_64

Version: 0.13.5
Check: for code/documentation mismatches
Result: WARN
    Warning in value[[3L]](cond) : Unable to populate the BiocDevel object
    Warning in value[[3L]](cond) : Unable to populate the BiocDevel object
Flavor: r-devel-windows-ix86+x86_64

Version: 0.13.5
Check: Rd \usage sections
Result: NOTE
    Warning in value[[3L]](cond) : Unable to populate the BiocDevel object
    Warning in value[[3L]](cond) : Unable to populate the BiocDevel object
    The \usage entries for S3 methods should use the \method markup and not
    their full name.
    See chapter 'Writing R documentation files' in the 'Writing R
    Extensions' manual.
Flavor: r-devel-windows-ix86+x86_64

Version: 0.13.5
Check: examples
Result: ERROR
    Running examples in ‘switchr-Ex.R’ failed
    The error most likely occurred in:
    
    > ### Name: libManifest
    > ### Title: libManifest
    > ### Aliases: libManifest libManifest,missing-method libManifest,missing
    > ### libManifest,character-method libManifest,character
    > ### libManifest,SwitchrCtx-method libManifest,SwitchrCtx
    >
    > ### ** Examples
    >
    > man = libManifest()
    
    Execution halted
Flavor: r-release-osx-x86_64

Version: 0.13.5
Check: tests
Result: FAIL
    
Flavor: r-release-osx-x86_64