CRAN Package Check Results for Package switchr

Last updated on 2019-10-19 01:50:27 CEST.

Flavor Version Tinstall Tcheck Ttotal Status Flags
r-devel-linux-x86_64-debian-clang 0.13.5 9.13 547.50 556.63 OK
r-devel-linux-x86_64-debian-gcc 0.13.5 8.61 420.13 428.74 OK
r-devel-linux-x86_64-fedora-clang 0.13.5 762.38 OK
r-devel-linux-x86_64-fedora-gcc 0.13.5 624.38 OK
r-devel-windows-ix86+x86_64 0.13.5 264.00 338.00 602.00 WARN
r-patched-linux-x86_64 0.13.5 9.79 551.19 560.98 OK
r-patched-solaris-x86 0.13.5 132.10 OK
r-release-linux-x86_64 0.13.5 8.48 518.55 527.03 OK
r-release-windows-ix86+x86_64 0.13.5 295.00 1308.00 1603.00 OK
r-release-osx-x86_64 0.13.5 ERROR
r-oldrel-windows-ix86+x86_64 0.13.5 40.00 992.00 1032.00 OK
r-oldrel-osx-x86_64 0.13.5 OK

Check Details

Version: 0.13.5
Check: dependencies in R code
Result: NOTE
    Warning in value[[3L]](cond) : Unable to populate the BiocDevel object
    Warning in value[[3L]](cond) : Unable to populate the BiocDevel object
Flavor: r-devel-windows-ix86+x86_64

Version: 0.13.5
Check: S3 generic/method consistency
Result: WARN
    Warning in value[[3L]](cond) : Unable to populate the BiocDevel object
    Warning in value[[3L]](cond) : Unable to populate the BiocDevel object
    See section 'Generic functions and methods' in the 'Writing R
    Extensions' manual.
Flavor: r-devel-windows-ix86+x86_64

Version: 0.13.5
Check: foreign function calls
Result: NOTE
    Warning in value[[3L]](cond) : Unable to populate the BiocDevel object
    Warning in value[[3L]](cond) : Unable to populate the BiocDevel object
    See chapter 'System and foreign language interfaces' in the 'Writing R
    Extensions' manual.
Flavor: r-devel-windows-ix86+x86_64

Version: 0.13.5
Check: R code for possible problems
Result: NOTE
    Warning in value[[3L]](cond) : Unable to populate the BiocDevel object
    Warning in value[[3L]](cond) : Unable to populate the BiocDevel object
Flavor: r-devel-windows-ix86+x86_64

Version: 0.13.5
Check: for missing documentation entries
Result: WARN
    Warning in value[[3L]](cond) : Unable to populate the BiocDevel object
    Warning in value[[3L]](cond) : Unable to populate the BiocDevel object
    All user-level objects in a package should have documentation entries.
    See chapter 'Writing R documentation files' in the 'Writing R
    Extensions' manual.
Flavor: r-devel-windows-ix86+x86_64

Version: 0.13.5
Check: for code/documentation mismatches
Result: WARN
    Warning in value[[3L]](cond) : Unable to populate the BiocDevel object
    Warning in value[[3L]](cond) : Unable to populate the BiocDevel object
Flavor: r-devel-windows-ix86+x86_64

Version: 0.13.5
Check: Rd \usage sections
Result: NOTE
    Warning in value[[3L]](cond) : Unable to populate the BiocDevel object
    Warning in value[[3L]](cond) : Unable to populate the BiocDevel object
    The \usage entries for S3 methods should use the \method markup and not
    their full name.
    See chapter 'Writing R documentation files' in the 'Writing R
    Extensions' manual.
Flavor: r-devel-windows-ix86+x86_64

Version: 0.13.5
Check: examples
Result: ERROR
    Running examples in ‘switchr-Ex.R’ failed
    The error most likely occurred in:
    
    > ### Name: libManifest
    > ### Title: libManifest
    > ### Aliases: libManifest libManifest,missing-method libManifest,missing
    > ### libManifest,character-method libManifest,character
    > ### libManifest,SwitchrCtx-method libManifest,SwitchrCtx
    >
    > ### ** Examples
    >
    > man = libManifest()
    
    Execution halted
Flavor: r-release-osx-x86_64

Version: 0.13.5
Check: tests
Result: FAIL
    
Flavor: r-release-osx-x86_64