CRAN Package Check Results for Package svglite

Last updated on 2019-07-16 01:50:41 CEST.

Flavor Version Tinstall Tcheck Ttotal Status Flags
r-devel-linux-x86_64-debian-clang 1.2.2 18.11 31.06 49.17 NOTE
r-devel-linux-x86_64-debian-gcc 1.2.2 14.58 25.21 39.79 NOTE
r-devel-linux-x86_64-fedora-clang 1.2.2 67.27 NOTE
r-devel-linux-x86_64-fedora-gcc 1.2.2 65.95 NOTE
r-devel-windows-ix86+x86_64 1.2.2 58.00 61.00 119.00 OK
r-patched-linux-x86_64 1.2.2 17.63 30.97 48.60 OK
r-patched-solaris-x86 1.2.2 90.00 OK
r-release-linux-x86_64 1.2.2 17.18 31.17 48.35 OK
r-release-windows-ix86+x86_64 1.2.2 41.00 91.00 132.00 OK
r-release-osx-x86_64 1.2.2 OK
r-oldrel-windows-ix86+x86_64 1.2.2 55.00 58.00 113.00 OK
r-oldrel-osx-x86_64 1.2.2 OK

Check Details

Version: 1.2.2
Check: for non-standard things in the check directory
Result: NOTE
    Found the following files/directories:
     'Rplots.svg'
Flavors: r-devel-linux-x86_64-debian-clang, r-devel-linux-x86_64-debian-gcc, r-devel-linux-x86_64-fedora-clang, r-devel-linux-x86_64-fedora-gcc