CRAN Package Check Results for Package svglite

Last updated on 2019-10-21 02:46:45 CEST.

Flavor Version Tinstall Tcheck Ttotal Status Flags
r-devel-linux-x86_64-debian-clang 1.2.2 22.75 34.40 57.15 NOTE
r-devel-linux-x86_64-debian-gcc 1.2.2 15.03 28.15 43.18 NOTE
r-devel-linux-x86_64-fedora-clang 1.2.2 72.80 NOTE
r-devel-linux-x86_64-fedora-gcc 1.2.2 71.23 NOTE
r-devel-windows-ix86+x86_64 1.2.2 39.00 69.00 108.00 OK
r-patched-linux-x86_64 1.2.2 17.81 34.02 51.83 OK
r-patched-solaris-x86 1.2.2 87.50 OK
r-release-linux-x86_64 1.2.2 19.06 34.56 53.62 OK
r-release-windows-ix86+x86_64 1.2.2 59.00 92.00 151.00 OK
r-release-osx-x86_64 1.2.2 OK
r-oldrel-windows-ix86+x86_64 1.2.2 37.00 56.00 93.00 OK
r-oldrel-osx-x86_64 1.2.2 OK

Check Details

Version: 1.2.2
Check: for non-standard things in the check directory
Result: NOTE
    Found the following files/directories:
     'Rplots.svg'
Flavors: r-devel-linux-x86_64-debian-clang, r-devel-linux-x86_64-debian-gcc, r-devel-linux-x86_64-fedora-clang, r-devel-linux-x86_64-fedora-gcc