CRAN Package Check Results for Package stringr

Last updated on 2019-10-21 02:46:44 CEST.

Flavor Version Tinstall Tcheck Ttotal Status Flags
r-devel-linux-x86_64-debian-clang 1.4.0 2.70 30.45 33.15 OK
r-devel-linux-x86_64-debian-gcc 1.4.0 2.35 24.59 26.94 OK
r-devel-linux-x86_64-fedora-clang 1.4.0 41.36 NOTE
r-devel-linux-x86_64-fedora-gcc 1.4.0 41.35 NOTE
r-devel-windows-ix86+x86_64 1.4.0 9.00 48.00 57.00 OK
r-patched-linux-x86_64 1.4.0 2.35 30.33 32.68 OK
r-patched-solaris-x86 1.4.0 59.30 NOTE
r-release-linux-x86_64 1.4.0 2.58 30.23 32.81 OK
r-release-windows-ix86+x86_64 1.4.0 10.00 62.00 72.00 OK
r-release-osx-x86_64 1.4.0 NOTE
r-oldrel-windows-ix86+x86_64 1.4.0 6.00 37.00 43.00 OK
r-oldrel-osx-x86_64 1.4.0 NOTE

Check Details

Version: 1.4.0
Check: data for non-ASCII characters
Result: NOTE
     Note: found 3 marked UTF-8 strings
Flavors: r-devel-linux-x86_64-fedora-clang, r-devel-linux-x86_64-fedora-gcc, r-patched-solaris-x86, r-release-osx-x86_64, r-oldrel-osx-x86_64