CRAN Package Check Results for Package stpm

Last updated on 2019-08-17 02:47:48 CEST.

Flavor Version Tinstall Tcheck Ttotal Status Flags
r-devel-linux-x86_64-debian-clang 1.7.7 197.29 384.04 581.33 OK
r-devel-linux-x86_64-debian-gcc 1.7.7 155.92 295.79 451.71 OK
r-devel-linux-x86_64-fedora-clang 1.7.7 783.25 NOTE
r-devel-linux-x86_64-fedora-gcc 1.7.7 758.17 NOTE
r-devel-windows-ix86+x86_64 1.7.7 411.00 410.00 821.00 OK
r-patched-linux-x86_64 1.7.7 159.79 385.10 544.89 OK
r-patched-solaris-x86 1.7.7 863.00 NOTE
r-release-linux-x86_64 1.7.7 160.69 393.01 553.70 OK
r-release-windows-ix86+x86_64 1.7.7 428.00 554.00 982.00 OK
r-release-osx-x86_64 1.7.7 NOTE
r-oldrel-windows-ix86+x86_64 1.7.7 402.00 520.00 922.00 OK
r-oldrel-osx-x86_64 1.7.7 NOTE

Check Details

Version: 1.7.7
Check: installed package size
Result: NOTE
     installed size is 8.7Mb
     sub-directories of 1Mb or more:
     libs 6.2Mb
Flavors: r-devel-linux-x86_64-fedora-clang, r-release-osx-x86_64, r-oldrel-osx-x86_64

Version: 1.7.7
Check: dependencies in R code
Result: NOTE
    Namespace in Imports field not imported from: ‘knitcitations’
     All declared Imports should be used.
Flavors: r-devel-linux-x86_64-fedora-clang, r-devel-linux-x86_64-fedora-gcc, r-patched-solaris-x86, r-release-osx-x86_64, r-oldrel-osx-x86_64