CRAN Package Check Results for Package stpm

Last updated on 2019-05-23 01:48:56 CEST.

Flavor Version Tinstall Tcheck Ttotal Status Flags
r-devel-linux-x86_64-debian-clang 1.7.7 186.62 391.30 577.92 OK
r-devel-linux-x86_64-debian-gcc 1.7.7 143.80 295.63 439.43 OK
r-devel-linux-x86_64-fedora-clang 1.7.7 752.19 NOTE
r-devel-linux-x86_64-fedora-gcc 1.7.7 653.05 NOTE
r-devel-windows-ix86+x86_64 1.7.7 296.00 618.00 914.00 OK
r-patched-linux-x86_64 1.7.7 173.13 380.83 553.96 OK
r-patched-solaris-x86 1.7.7 887.20 NOTE
r-release-linux-x86_64 1.7.7 175.52 391.19 566.71 OK
r-release-windows-ix86+x86_64 1.7.7 397.00 541.00 938.00 OK
r-release-osx-x86_64 1.7.7 NOTE
r-oldrel-windows-ix86+x86_64 1.7.7 266.00 409.00 675.00 OK
r-oldrel-osx-x86_64 1.7.7 NOTE

Check Details

Version: 1.7.7
Check: installed package size
Result: NOTE
     installed size is 8.7Mb
     sub-directories of 1Mb or more:
     libs 6.2Mb
Flavors: r-devel-linux-x86_64-fedora-clang, r-release-osx-x86_64, r-oldrel-osx-x86_64

Version: 1.7.7
Check: dependencies in R code
Result: NOTE
    Namespace in Imports field not imported from: ‘knitcitations’
     All declared Imports should be used.
Flavors: r-devel-linux-x86_64-fedora-clang, r-devel-linux-x86_64-fedora-gcc, r-patched-solaris-x86, r-release-osx-x86_64, r-oldrel-osx-x86_64