CRAN Package Check Results for Package spcosa

Last updated on 2019-05-26 01:47:51 CEST.

Flavor Version Tinstall Tcheck Ttotal Status Flags
r-devel-linux-x86_64-debian-clang 0.3-8 10.47 194.10 204.57 OK
r-devel-linux-x86_64-debian-gcc 0.3-8 7.47 146.63 154.10 OK
r-devel-linux-x86_64-fedora-clang 0.3-8 249.36 OK
r-devel-linux-x86_64-fedora-gcc 0.3-8 231.58 OK
r-devel-windows-ix86+x86_64 0.3-8 16.00 258.00 274.00 OK
r-patched-linux-x86_64 0.3-8 OK
r-patched-solaris-x86 0.3-8 330.10 OK
r-release-linux-x86_64 0.3-8 10.33 193.27 203.60 OK
r-release-windows-ix86+x86_64 0.3-8 26.00 175.00 201.00 OK
r-release-osx-x86_64 0.3-8 FAIL
r-oldrel-windows-ix86+x86_64 0.3-8 21.00 201.00 222.00 OK
r-oldrel-osx-x86_64 0.3-8 OK

Check Details

Version: 0.3-8
Check: re-building of vignette outputs
Result: FAIL
    
Flavor: r-release-osx-x86_64