CRAN Package Check Results for Package spcosa

Last updated on 2019-08-22 01:50:00 CEST.

Flavor Version Tinstall Tcheck Ttotal Status Flags
r-devel-linux-x86_64-debian-clang 0.3-8 10.30 196.93 207.23 OK
r-devel-linux-x86_64-debian-gcc 0.3-8 9.07 148.00 157.07 OK
r-devel-linux-x86_64-fedora-clang 0.3-8 242.55 OK
r-devel-linux-x86_64-fedora-gcc 0.3-8 241.34 OK
r-devel-windows-ix86+x86_64 0.3-8 28.00 236.00 264.00 OK
r-patched-linux-x86_64 0.3-8 8.26 189.59 197.85 OK
r-patched-solaris-x86 0.3-8 332.20 OK
r-release-linux-x86_64 0.3-8 10.08 190.76 200.84 OK
r-release-windows-ix86+x86_64 0.3-8 25.00 180.00 205.00 OK
r-release-osx-x86_64 0.3-8 FAIL
r-oldrel-windows-ix86+x86_64 0.3-8 20.00 275.00 295.00 OK
r-oldrel-osx-x86_64 0.3-8 OK

Check Details

Version: 0.3-8
Check: re-building of vignette outputs
Result: FAIL
    
Flavor: r-release-osx-x86_64