CRAN Package Check Results for Package spatialkernel

Last updated on 2019-08-20 01:48:19 CEST.

Flavor Version Tinstall Tcheck Ttotal Status Flags
r-devel-linux-x86_64-debian-clang 0.4-23 11.36 31.68 43.04 WARN
r-devel-linux-x86_64-debian-gcc 0.4-23 7.85 25.01 32.86 WARN
r-devel-linux-x86_64-fedora-clang 0.4-23 52.73 OK
r-devel-linux-x86_64-fedora-gcc 0.4-23 53.69 WARN
r-devel-windows-ix86+x86_64 0.4-23 33.00 76.00 109.00 OK
r-patched-linux-x86_64 0.4-23 8.64 31.98 40.62 OK
r-patched-solaris-x86 0.4-23 96.00 OK
r-release-linux-x86_64 0.4-23 7.74 32.36 40.10 OK
r-release-windows-ix86+x86_64 0.4-23 28.00 69.00 97.00 OK
r-release-osx-x86_64 0.4-23 OK
r-oldrel-windows-ix86+x86_64 0.4-23 35.00 84.00 119.00 OK
r-oldrel-osx-x86_64 0.4-23 OK

Additional issues

LTO

Check Details

Version: 0.4-23
Check: whether package can be installed
Result: WARN
    Found the following significant warnings:
     gpc.c:1049:7: warning: ignoring return value of function declared with 'warn_unused_result' attribute [-Wunused-result]
     gpc.c:1056:7: warning: ignoring return value of function declared with 'warn_unused_result' attribute [-Wunused-result]
     gpc.c:1046:5: warning: ignoring return value of function declared with 'warn_unused_result' attribute [-Wunused-result]
     gpc.c:1039:3: warning: ignoring return value of function declared with 'warn_unused_result' attribute [-Wunused-result]
Flavor: r-devel-linux-x86_64-debian-clang

Version: 0.4-23
Check: whether package can be installed
Result: WARN
    Found the following significant warnings:
     gpc.c:1039:3: warning: ignoring return value of ‘fscanf’, declared with attribute warn_unused_result [-Wunused-result]
     gpc.c:1046:5: warning: ignoring return value of ‘fscanf’, declared with attribute warn_unused_result [-Wunused-result]
     gpc.c:1049:7: warning: ignoring return value of ‘fscanf’, declared with attribute warn_unused_result [-Wunused-result]
     gpc.c:1056:7: warning: ignoring return value of ‘fscanf’, declared with attribute warn_unused_result [-Wunused-result]
Flavors: r-devel-linux-x86_64-debian-gcc, r-devel-linux-x86_64-fedora-gcc