CRAN Package Check Results for Package spatialEco

Last updated on 2019-11-12 00:52:56 CET.

Flavor Version Tinstall Tcheck Ttotal Status Flags
r-devel-linux-x86_64-debian-clang 1.2-1 11.28 137.47 148.75 OK
r-devel-linux-x86_64-debian-gcc 1.2-1 8.95 101.04 109.99 OK
r-devel-linux-x86_64-fedora-clang 1.2-1 179.99 NOTE
r-devel-linux-x86_64-fedora-gcc 1.2-1 172.59 NOTE
r-devel-windows-ix86+x86_64 1.2-1 25.00 178.00 203.00 OK
r-patched-linux-x86_64 1.2-1 11.62 128.69 140.31 OK
r-patched-solaris-x86 1.2-1 230.40 NOTE
r-release-linux-x86_64 1.2-1 10.01 130.58 140.59 OK
r-release-windows-ix86+x86_64 1.2-1 33.00 176.00 209.00 OK
r-release-osx-x86_64 1.2-1 NOTE
r-oldrel-windows-ix86+x86_64 1.2-1 25.00 196.00 221.00 OK
r-oldrel-osx-x86_64 1.2-1 ERROR

Check Details

Version: 1.2-1
Check: dependencies in R code
Result: NOTE
    Namespace in Imports field not imported from: ‘dplyr’
     All declared Imports should be used.
Flavors: r-devel-linux-x86_64-fedora-clang, r-devel-linux-x86_64-fedora-gcc, r-patched-solaris-x86, r-release-osx-x86_64, r-oldrel-osx-x86_64

Version: 1.2-1
Check: examples
Result: ERROR
    Running examples in ‘spatialEco-Ex.R’ failed
    The error most likely occurred in:
    
    > ### Name: sar
    > ### Title: Surface Area Ratio
    > ### Aliases: sar
    >
    > ### ** Examples
    >
    > library(raster)
    Loading required package: sp
    
    Attaching package: ‘raster’
    
    The following object is masked from ‘package:spatialEco’:
    
     shift
    
    > data(elev)
    > surface.ratio <- sar(elev, s=90)
    
     *** caught segfault ***
    address 0x111773ff8, cause 'memory not mapped'
    
    Traceback:
     1: .terrain(as.double(values(x)), as.integer(dim(out)), rs, un, nopt, lonlat, y)
     2: .local(x, ...)
     3: raster::terrain(x, out = "slope", unit = "degrees", flatAspect = 0)
     4: raster::terrain(x, out = "slope", unit = "degrees", flatAspect = 0)
     5: sar(elev, s = 90)
    An irrecoverable exception occurred. R is aborting now ...
Flavor: r-oldrel-osx-x86_64