CRAN Package Check Results for Package somplot

Last updated on 2019-09-15 01:47:06 CEST.

Flavor Version Tinstall Tcheck Ttotal Status Flags
r-devel-linux-x86_64-debian-clang 1.6.4 2.65 23.17 25.82 NOTE
r-devel-linux-x86_64-debian-gcc 1.6.4 1.98 19.44 21.42 NOTE
r-devel-linux-x86_64-fedora-clang 1.6.4 32.16 NOTE
r-devel-linux-x86_64-fedora-gcc 1.6.4 31.39 NOTE
r-devel-windows-ix86+x86_64 1.6.4 10.00 40.00 50.00 NOTE
r-patched-linux-x86_64 1.6.4 2.29 23.59 25.88 NOTE
r-patched-solaris-x86 1.6.4 49.90 NOTE
r-release-linux-x86_64 1.6.4 2.36 23.43 25.79 NOTE
r-release-windows-ix86+x86_64 1.6.4 5.00 53.00 58.00 NOTE
r-release-osx-x86_64 1.6.4 NOTE
r-oldrel-windows-ix86+x86_64 1.6.4 4.00 36.00 40.00 NOTE
r-oldrel-osx-x86_64 1.6.4 NOTE

Check Details

Version: 1.6.4
Check: dependencies in R code
Result: NOTE
    'library' or 'require' call to 'hexbin' which was already attached by Depends.
     Please remove these calls from your code.
Flavors: r-devel-linux-x86_64-debian-clang, r-devel-linux-x86_64-debian-gcc, r-devel-linux-x86_64-fedora-clang, r-devel-linux-x86_64-fedora-gcc, r-devel-windows-ix86+x86_64, r-patched-linux-x86_64, r-patched-solaris-x86, r-release-linux-x86_64, r-release-windows-ix86+x86_64, r-release-osx-x86_64, r-oldrel-windows-ix86+x86_64, r-oldrel-osx-x86_64

Version: 1.6.4
Check: R code for possible problems
Result: NOTE
    hexbinpie: no visible global function definition for 'quantile'
    hexbinpie: no visible global function definition for 'polygon'
    hexbinpie: no visible global function definition for 'text'
    makehexbinplot: no visible global function definition for 'rainbow'
    makehexbinplot: no visible global function definition for 'col2rgb'
    makehexbinplot: no visible global function definition for 'edit'
    makehexbinplot: no visible global function definition for 'dev.new'
    makehexbinplot: no visible global function definition for 'plot.new'
    makehexbinplot: no visible global function definition for 'plot.window'
    makehexbinplot: no visible global function definition for 'box'
    makehexbinplot: no visible global function definition for 'axis'
    makehexbinplot: no visible global function definition for 'legend'
    som.plot: no visible global function definition for 'read.table'
    Undefined global functions or variables:
     axis box col2rgb dev.new edit legend plot.new plot.window polygon
     quantile rainbow read.table text
    Consider adding
     importFrom("grDevices", "col2rgb", "dev.new", "rainbow")
     importFrom("graphics", "axis", "box", "legend", "plot.new",
     "plot.window", "polygon", "text")
     importFrom("stats", "quantile")
     importFrom("utils", "edit", "read.table")
    to your NAMESPACE file.
Flavors: r-devel-linux-x86_64-debian-clang, r-devel-linux-x86_64-debian-gcc, r-devel-linux-x86_64-fedora-clang, r-devel-linux-x86_64-fedora-gcc, r-devel-windows-ix86+x86_64, r-patched-linux-x86_64, r-patched-solaris-x86, r-release-linux-x86_64, r-release-windows-ix86+x86_64, r-release-osx-x86_64, r-oldrel-windows-ix86+x86_64, r-oldrel-osx-x86_64