CRAN Package Check Results for Package soilphysics

Last updated on 2019-08-20 01:48:19 CEST.

Flavor Version Tinstall Tcheck Ttotal Status Flags
r-devel-linux-x86_64-debian-clang 3.1 7.34 52.21 59.55 OK
r-devel-linux-x86_64-debian-gcc 3.1 5.76 41.60 47.36 OK
r-devel-linux-x86_64-fedora-clang 3.1 73.70 OK
r-devel-linux-x86_64-fedora-gcc 3.1 78.11 OK
r-devel-windows-ix86+x86_64 3.1 27.00 113.00 140.00 OK
r-patched-linux-x86_64 3.1 7.08 53.15 60.23 OK
r-patched-solaris-x86 3.1 114.10 OK
r-release-linux-x86_64 3.1 6.57 53.33 59.90 OK
r-release-windows-ix86+x86_64 3.1 22.00 112.00 134.00 OK
r-release-osx-x86_64 3.1 ERROR
r-oldrel-windows-ix86+x86_64 3.1 18.00 129.00 147.00 OK
r-oldrel-osx-x86_64 3.1 ERROR

Check Details

Version: 3.1
Check: package dependencies
Result: ERROR
    Package required but not available: ‘rpanel’
    
    See section ‘The DESCRIPTION file’ in the ‘Writing R Extensions’
    manual.
Flavors: r-release-osx-x86_64, r-oldrel-osx-x86_64