Last updated on 2019-12-05 00:52:14 CET.
Flavor | Version | Tinstall | Tcheck | Ttotal | Status | Flags |
---|---|---|---|---|---|---|
r-devel-linux-x86_64-debian-clang | 3.1 | 8.50 | 56.33 | 64.83 | OK | |
r-devel-linux-x86_64-debian-gcc | 3.1 | 6.03 | 42.68 | 48.71 | OK | |
r-devel-linux-x86_64-fedora-clang | 3.1 | 75.74 | OK | |||
r-devel-linux-x86_64-fedora-gcc | 3.1 | 78.44 | OK | |||
r-devel-windows-ix86+x86_64 | 3.1 | 25.00 | 143.00 | 168.00 | OK | |
r-devel-windows-ix86+x86_64-gcc8 | 3.1 | 24.00 | 146.00 | 170.00 | OK | |
r-patched-linux-x86_64 | 3.1 | 7.58 | 52.86 | 60.44 | OK | |
r-patched-solaris-x86 | 3.1 | 109.20 | OK | |||
r-release-linux-x86_64 | 3.1 | 7.87 | 55.53 | 63.40 | OK | |
r-release-windows-ix86+x86_64 | 3.1 | 31.00 | 143.00 | 174.00 | OK | |
r-release-osx-x86_64 | 3.1 | ERROR | ||||
r-oldrel-windows-ix86+x86_64 | 3.1 | 14.00 | 126.00 | 140.00 | OK | |
r-oldrel-osx-x86_64 | 3.1 | ERROR |
Version: 3.1
Check: package dependencies
Result: ERROR
Package required but not available: ‘rpanel’
See section ‘The DESCRIPTION file’ in the ‘Writing R Extensions’
manual.
Flavors: r-release-osx-x86_64, r-oldrel-osx-x86_64