CRAN Package Check Results for Package smooth

Last updated on 2019-08-20 01:48:18 CEST.

Flavor Version Tinstall Tcheck Ttotal Status Flags
r-devel-linux-x86_64-debian-clang 2.5.2 132.16 444.21 576.37 OK
r-devel-linux-x86_64-debian-gcc 2.5.2 112.10 343.83 455.93 OK
r-devel-linux-x86_64-fedora-clang 2.5.3 780.72 NOTE
r-devel-linux-x86_64-fedora-gcc 2.5.3 779.91 OK
r-devel-windows-ix86+x86_64 2.5.2 306.00 670.00 976.00 NOTE --no-vignettes
r-patched-linux-x86_64 2.5.2 119.42 472.31 591.73 OK
r-patched-solaris-x86 2.5.2 900.70 NOTE
r-release-linux-x86_64 2.5.2 119.72 459.50 579.22 OK
r-release-windows-ix86+x86_64 2.5.2 207.00 406.00 613.00 NOTE --no-vignettes
r-release-osx-x86_64 2.5.2 NOTE
r-oldrel-windows-ix86+x86_64 2.5.2 304.00 505.00 809.00 NOTE --no-vignettes
r-oldrel-osx-x86_64 2.5.2 NOTE

Additional issues

clang-UBSAN gcc-UBSAN

Check Details

Version: 2.5.3
Check: installed package size
Result: NOTE
     installed size is 13.8Mb
     sub-directories of 1Mb or more:
     doc 2.4Mb
     libs 10.1Mb
Flavor: r-devel-linux-x86_64-fedora-clang

Version: 2.5.2
Flags: --no-vignettes
Check: installed package size
Result: NOTE
     installed size is 6.3Mb
     sub-directories of 1Mb or more:
     doc 2.5Mb
     libs 2.6Mb
Flavors: r-devel-windows-ix86+x86_64, r-release-windows-ix86+x86_64, r-oldrel-windows-ix86+x86_64

Version: 2.5.2
Check: installed package size
Result: NOTE
     installed size is 5.1Mb
     sub-directories of 1Mb or more:
     R 1.0Mb
     doc 2.8Mb
Flavors: r-patched-solaris-x86, r-release-osx-x86_64, r-oldrel-osx-x86_64