CRAN Package Check Results for Package shinyrecap

Last updated on 2019-08-17 02:47:47 CEST.

Flavor Version Tinstall Tcheck Ttotal Status Flags
r-devel-linux-x86_64-debian-clang 0.1.0 1.91 26.99 28.90 OK
r-devel-linux-x86_64-debian-gcc 0.1.0 1.84 20.55 22.39 OK
r-devel-linux-x86_64-fedora-clang 0.1.0 33.79 NOTE
r-devel-linux-x86_64-fedora-gcc 0.1.0 32.43 NOTE
r-devel-windows-ix86+x86_64 0.1.0 7.00 46.00 53.00 OK
r-patched-linux-x86_64 0.1.0 1.95 26.12 28.07 OK
r-patched-solaris-x86 0.1.0 51.60 NOTE
r-release-linux-x86_64 0.1.0 1.86 26.42 28.28 OK
r-release-windows-ix86+x86_64 0.1.0 11.00 54.00 65.00 OK
r-release-osx-x86_64 0.1.0 NOTE
r-oldrel-windows-ix86+x86_64 0.1.0 5.00 54.00 59.00 OK
r-oldrel-osx-x86_64 0.1.0 NOTE

Check Details

Version: 0.1.0
Check: dependencies in R code
Result: NOTE
    Namespaces in Imports field not imported from:
     ‘CARE1’ ‘LCMCR’ ‘coda’ ‘conting’ ‘dga’ ‘future’ ‘ggplot2’ ‘ipc’
     ‘promises’ ‘reshape’ ‘shinycssloaders’ ‘testthat’
     All declared Imports should be used.
Flavors: r-devel-linux-x86_64-fedora-clang, r-devel-linux-x86_64-fedora-gcc, r-patched-solaris-x86, r-release-osx-x86_64, r-oldrel-osx-x86_64