CRAN Package Check Results for Package shinyrecap

Last updated on 2019-05-22 01:46:49 CEST.

Flavor Version Tinstall Tcheck Ttotal Status Flags
r-devel-linux-x86_64-debian-clang 0.1.0 1.94 26.83 28.77 OK
r-devel-linux-x86_64-debian-gcc 0.1.0 1.55 20.55 22.10 OK
r-devel-linux-x86_64-fedora-clang 0.1.0 34.96 NOTE
r-devel-linux-x86_64-fedora-gcc 0.1.0 32.29 NOTE
r-devel-windows-ix86+x86_64 0.1.0 4.00 55.00 59.00 OK
r-patched-linux-x86_64 0.1.0 1.87 26.22 28.09 OK
r-patched-solaris-x86 0.1.0 53.80 NOTE
r-release-linux-x86_64 0.1.0 1.80 26.58 28.38 OK
r-release-windows-ix86+x86_64 0.1.0 9.00 42.00 51.00 OK
r-release-osx-x86_64 0.1.0 NOTE
r-oldrel-windows-ix86+x86_64 0.1.0 4.00 36.00 40.00 OK
r-oldrel-osx-x86_64 0.1.0 NOTE

Check Details

Version: 0.1.0
Check: dependencies in R code
Result: NOTE
    Namespaces in Imports field not imported from:
     ‘CARE1’ ‘LCMCR’ ‘coda’ ‘conting’ ‘dga’ ‘future’ ‘ggplot2’ ‘ipc’
     ‘promises’ ‘reshape’ ‘shinycssloaders’ ‘testthat’
     All declared Imports should be used.
Flavors: r-devel-linux-x86_64-fedora-clang, r-devel-linux-x86_64-fedora-gcc, r-patched-solaris-x86, r-release-osx-x86_64, r-oldrel-osx-x86_64