CRAN Package Check Results for Package shiny

Last updated on 2019-10-21 02:46:43 CEST.

Flavor Version Tinstall Tcheck Ttotal Status Flags
r-devel-linux-x86_64-debian-clang 1.4.0 30.00 87.89 117.89 OK
r-devel-linux-x86_64-debian-gcc 1.4.0 26.25 68.35 94.60 OK
r-devel-linux-x86_64-fedora-clang 1.4.0 147.19 NOTE
r-devel-linux-x86_64-fedora-gcc 1.4.0 150.78 OK
r-devel-windows-ix86+x86_64 1.4.0 51.00 153.00 204.00 NOTE
r-patched-linux-x86_64 1.4.0 31.30 86.14 117.44 OK
r-patched-solaris-x86 1.4.0 170.50 NOTE
r-release-linux-x86_64 1.4.0 31.68 87.18 118.86 OK
r-release-windows-ix86+x86_64 1.4.0 66.00 111.00 177.00 NOTE
r-release-osx-x86_64 1.4.0 NOTE
r-oldrel-windows-ix86+x86_64 1.4.0 45.00 101.00 146.00 NOTE
r-oldrel-osx-x86_64 1.4.0 NOTE

Check Details

Version: 1.4.0
Check: installed package size
Result: NOTE
     installed size is 10.9Mb
     sub-directories of 1Mb or more:
     R 1.5Mb
     www 8.3Mb
Flavors: r-devel-linux-x86_64-fedora-clang, r-devel-windows-ix86+x86_64, r-patched-solaris-x86, r-release-windows-ix86+x86_64, r-release-osx-x86_64, r-oldrel-windows-ix86+x86_64, r-oldrel-osx-x86_64