CRAN Package Check Results for Package shapefiles

Last updated on 2019-09-15 01:47:06 CEST.

Flavor Version Tinstall Tcheck Ttotal Status Flags
r-devel-linux-x86_64-debian-clang 0.7 2.61 19.53 22.14 NOTE
r-devel-linux-x86_64-debian-gcc 0.7 2.08 15.96 18.04 NOTE
r-devel-linux-x86_64-fedora-clang 0.7 26.60 NOTE
r-devel-linux-x86_64-fedora-gcc 0.7 26.32 NOTE
r-devel-windows-ix86+x86_64 0.7 9.00 32.00 41.00 NOTE
r-patched-linux-x86_64 0.7 2.26 19.45 21.71 NOTE
r-patched-solaris-x86 0.7 39.20 NOTE
r-release-linux-x86_64 0.7 2.30 19.36 21.66 NOTE
r-release-windows-ix86+x86_64 0.7 5.00 29.00 34.00 NOTE
r-release-osx-x86_64 0.7 NOTE
r-oldrel-windows-ix86+x86_64 0.7 4.00 29.00 33.00 NOTE
r-oldrel-osx-x86_64 0.7 NOTE

Check Details

Version: 0.7
Check: DESCRIPTION meta-information
Result: NOTE
    Malformed Description field: should contain one or more complete sentences.
Flavors: r-devel-linux-x86_64-debian-clang, r-devel-linux-x86_64-debian-gcc, r-devel-linux-x86_64-fedora-clang, r-devel-linux-x86_64-fedora-gcc, r-devel-windows-ix86+x86_64, r-patched-linux-x86_64, r-patched-solaris-x86, r-release-linux-x86_64, r-release-windows-ix86+x86_64, r-release-osx-x86_64, r-oldrel-windows-ix86+x86_64, r-oldrel-osx-x86_64

Version: 0.7
Check: dependencies in R code
Result: NOTE
    'library' or 'require' call to 'foreign' which was already attached by Depends.
     Please remove these calls from your code.
Flavors: r-devel-linux-x86_64-debian-clang, r-devel-linux-x86_64-debian-gcc, r-devel-linux-x86_64-fedora-clang, r-devel-linux-x86_64-fedora-gcc, r-devel-windows-ix86+x86_64, r-patched-linux-x86_64, r-patched-solaris-x86, r-release-linux-x86_64, r-release-windows-ix86+x86_64, r-release-osx-x86_64, r-oldrel-windows-ix86+x86_64, r-oldrel-osx-x86_64