CRAN Package Check Results for Package shadow

Last updated on 2019-06-24 01:47:55 CEST.

Flavor Version Tinstall Tcheck Ttotal Status Flags
r-devel-linux-x86_64-debian-clang 0.6.1 9.10 111.69 120.79 OK
r-devel-linux-x86_64-debian-gcc 0.6.1 7.60 87.71 95.31 OK
r-devel-linux-x86_64-fedora-clang 0.6.1 140.72 NOTE
r-devel-linux-x86_64-fedora-gcc 0.6.1 137.30 NOTE
r-devel-windows-ix86+x86_64 0.6.1 27.00 127.00 154.00 OK
r-patched-linux-x86_64 0.6.1 7.12 111.43 118.55 OK
r-patched-solaris-x86 0.6.1 199.40 NOTE
r-release-linux-x86_64 0.6.1 7.38 111.03 118.41 OK
r-release-windows-ix86+x86_64 0.6.1 18.00 155.00 173.00 OK
r-release-osx-x86_64 0.6.1 NOTE
r-oldrel-windows-ix86+x86_64 0.6.1 11.00 156.00 167.00 OK
r-oldrel-osx-x86_64 0.6.1 NOTE

Check Details

Version: 0.6.1
Check: dependencies in R code
Result: NOTE
    Namespaces in Imports field not imported from:
     ‘parallel’ ‘plyr’
     All declared Imports should be used.
Flavors: r-devel-linux-x86_64-fedora-clang, r-devel-linux-x86_64-fedora-gcc, r-patched-solaris-x86, r-release-osx-x86_64, r-oldrel-osx-x86_64