CRAN Package Check Results for Package sf

Last updated on 2019-07-19 01:47:26 CEST.

Flavor Version Tinstall Tcheck Ttotal Status Flags
r-devel-linux-x86_64-debian-clang 0.7-6 160.02 214.15 374.17 OK
r-devel-linux-x86_64-debian-gcc 0.7-6 122.91 164.85 287.76 WARN
r-devel-linux-x86_64-fedora-clang 0.7-6 535.16 WARN
r-devel-linux-x86_64-fedora-gcc 0.7-6 504.94 WARN
r-devel-windows-ix86+x86_64 0.7-6 525.00 795.00 1320.00 NOTE
r-patched-linux-x86_64 0.7-6 144.29 211.06 355.35 OK
r-patched-solaris-x86 0.7-6 474.20 WARN
r-release-linux-x86_64 0.7-6 148.53 213.11 361.64 OK
r-release-windows-ix86+x86_64 0.7-6 402.00 625.00 1027.00 NOTE
r-release-osx-x86_64 0.7-6 WARN
r-oldrel-windows-ix86+x86_64 0.7-6 399.00 809.00 1208.00 NOTE
r-oldrel-osx-x86_64 0.7-6 WARN

Check Details

Version: 0.7-6
Check: re-building of vignette outputs
Result: WARN
    Error(s) in re-building vignettes:
     ...
    --- re-building ‘sf1.Rmd’ using rmarkdown
    --- finished re-building ‘sf1.Rmd’
    
    --- re-building ‘sf2.Rmd’ using rmarkdown
    --- finished re-building ‘sf2.Rmd’
    
    --- re-building ‘sf3.Rmd’ using rmarkdown
    --- finished re-building ‘sf3.Rmd’
    
    --- re-building ‘sf4.Rmd’ using rmarkdown
    --- finished re-building ‘sf4.Rmd’
    
    --- re-building ‘sf5.Rmd’ using rmarkdown
    Quitting from lines 216-219 (sf5.Rmd)
    Error: processing vignette 'sf5.Rmd' failed with diagnostics:
    'x' cannot be coerced to class "hexmode"
    --- failed re-building ‘sf5.Rmd’
    
    --- re-building ‘sf6.Rmd’ using rmarkdown
    --- finished re-building ‘sf6.Rmd’
    
    SUMMARY: processing the following file failed:
     ‘sf5.Rmd’
    
    Error: Vignette re-building failed.
    Execution halted
Flavor: r-devel-linux-x86_64-debian-gcc

Version: 0.7-6
Check: installed package size
Result: NOTE
     installed size is 22.4Mb
     sub-directories of 1Mb or more:
     doc 11.2Mb
     libs 7.1Mb
     sqlite 1.5Mb
Flavors: r-devel-linux-x86_64-fedora-clang, r-devel-windows-ix86+x86_64, r-patched-solaris-x86, r-release-windows-ix86+x86_64, r-release-osx-x86_64, r-oldrel-windows-ix86+x86_64, r-oldrel-osx-x86_64

Version: 0.7-6
Check: re-building of vignette outputs
Result: WARN
    Error(s) in re-building vignettes:
    --- re-building ‘sf1.Rmd’ using rmarkdown
    --- finished re-building ‘sf1.Rmd’
    
    --- re-building ‘sf2.Rmd’ using rmarkdown
    --- finished re-building ‘sf2.Rmd’
    
    --- re-building ‘sf3.Rmd’ using rmarkdown
    --- finished re-building ‘sf3.Rmd’
    
    --- re-building ‘sf4.Rmd’ using rmarkdown
    --- finished re-building ‘sf4.Rmd’
    
    --- re-building ‘sf5.Rmd’ using rmarkdown
    Quitting from lines 216-219 (sf5.Rmd)
    Error: processing vignette 'sf5.Rmd' failed with diagnostics:
    'x' cannot be coerced to class "hexmode"
    --- failed re-building ‘sf5.Rmd’
    
    --- re-building ‘sf6.Rmd’ using rmarkdown
    --- finished re-building ‘sf6.Rmd’
    
    SUMMARY: processing the following file failed:
     ‘sf5.Rmd’
    
    Error: Vignette re-building failed.
    Execution halted
Flavors: r-devel-linux-x86_64-fedora-clang, r-devel-linux-x86_64-fedora-gcc

Version: 0.7-6
Check: package dependencies
Result: NOTE
    Package suggested but not available for checking: ‘RPostgres’
Flavor: r-patched-solaris-x86

Version: 0.7-6
Check: re-building of vignette outputs
Result: WARN
    Error(s) in re-building vignettes:
     ...
    --- re-building ‘sf1.Rmd’ using rmarkdown
    Warning in engine$weave(file, quiet = quiet, encoding = enc) :
     Pandoc (>= 1.12.3) and/or pandoc-citeproc not available. Falling back to R Markdown v1.
    --- finished re-building ‘sf1.Rmd’
    
    --- re-building ‘sf2.Rmd’ using rmarkdown
    Warning in engine$weave(file, quiet = quiet, encoding = enc) :
     Pandoc (>= 1.12.3) and/or pandoc-citeproc not available. Falling back to R Markdown v1.
    --- finished re-building ‘sf2.Rmd’
    
    --- re-building ‘sf3.Rmd’ using rmarkdown
    Warning in engine$weave(file, quiet = quiet, encoding = enc) :
     Pandoc (>= 1.12.3) and/or pandoc-citeproc not available. Falling back to R Markdown v1.
    --- finished re-building ‘sf3.Rmd’
    
    --- re-building ‘sf4.Rmd’ using rmarkdown
    Warning in engine$weave(file, quiet = quiet, encoding = enc) :
     Pandoc (>= 1.12.3) and/or pandoc-citeproc not available. Falling back to R Markdown v1.
    --- finished re-building ‘sf4.Rmd’
    
    --- re-building ‘sf5.Rmd’ using rmarkdown
    Warning in engine$weave(file, quiet = quiet, encoding = enc) :
     Pandoc (>= 1.12.3) and/or pandoc-citeproc not available. Falling back to R Markdown v1.
    Quitting from lines 216-219 (sf5.Rmd)
    Error: processing vignette 'sf5.Rmd' failed with diagnostics:
    'x' cannot be coerced to class "hexmode"
    --- failed re-building ‘sf5.Rmd’
    
    --- re-building ‘sf6.Rmd’ using rmarkdown
    Warning in engine$weave(file, quiet = quiet, encoding = enc) :
     Pandoc (>= 1.12.3) and/or pandoc-citeproc not available. Falling back to R Markdown v1.
    --- finished re-building ‘sf6.Rmd’
    
    SUMMARY: processing the following file failed:
     ‘sf5.Rmd’
    
    Error: Vignette re-building failed.
    Execution halted
Flavor: r-patched-solaris-x86

Version: 0.7-6
Check: re-building of vignette outputs
Result: WARN
    Error(s) in re-building vignettes:
    --- re-building ‘sf1.Rmd’ using rmarkdown
    Warning in engine$weave(file, quiet = quiet, encoding = enc) :
     Pandoc (>= 1.12.3) and/or pandoc-citeproc not available. Falling back to R Markdown v1.
    --- finished re-building ‘sf1.Rmd’
    
    --- re-building ‘sf2.Rmd’ using rmarkdown
    Warning in engine$weave(file, quiet = quiet, encoding = enc) :
     Pandoc (>= 1.12.3) and/or pandoc-citeproc not available. Falling back to R Markdown v1.
    --- finished re-building ‘sf2.Rmd’
    
    --- re-building ‘sf3.Rmd’ using rmarkdown
    Warning in engine$weave(file, quiet = quiet, encoding = enc) :
     Pandoc (>= 1.12.3) and/or pandoc-citeproc not available. Falling back to R Markdown v1.
    --- finished re-building ‘sf3.Rmd’
    
    --- re-building ‘sf4.Rmd’ using rmarkdown
    Warning in engine$weave(file, quiet = quiet, encoding = enc) :
     Pandoc (>= 1.12.3) and/or pandoc-citeproc not available. Falling back to R Markdown v1.
    --- finished re-building ‘sf4.Rmd’
    
    --- re-building ‘sf5.Rmd’ using rmarkdown
    Warning in engine$weave(file, quiet = quiet, encoding = enc) :
     Pandoc (>= 1.12.3) and/or pandoc-citeproc not available. Falling back to R Markdown v1.
    Quitting from lines 216-219 (sf5.Rmd)
    Error: processing vignette 'sf5.Rmd' failed with diagnostics:
    cannot open the connection
    --- failed re-building ‘sf5.Rmd’
    
    --- re-building ‘sf6.Rmd’ using rmarkdown
    Warning in engine$weave(file, quiet = quiet, encoding = enc) :
     Pandoc (>= 1.12.3) and/or pandoc-citeproc not available. Falling back to R Markdown v1.
    --- finished re-building ‘sf6.Rmd’
    
    SUMMARY: processing the following file failed:
     ‘sf5.Rmd’
    
    Error: Vignette re-building failed.
    Execution halted
Flavor: r-release-osx-x86_64

Version: 0.7-6
Check: re-building of vignette outputs
Result: WARN
    Error in re-building vignettes:
     ...
    Warning in engine$weave(file, quiet = quiet, encoding = enc) :
     Pandoc (>= 1.12.3) and/or pandoc-citeproc not available. Falling back to R Markdown v1.
    Warning in engine$weave(file, quiet = quiet, encoding = enc) :
     Pandoc (>= 1.12.3) and/or pandoc-citeproc not available. Falling back to R Markdown v1.
    Warning in engine$weave(file, quiet = quiet, encoding = enc) :
     Pandoc (>= 1.12.3) and/or pandoc-citeproc not available. Falling back to R Markdown v1.
    Warning in engine$weave(file, quiet = quiet, encoding = enc) :
     Pandoc (>= 1.12.3) and/or pandoc-citeproc not available. Falling back to R Markdown v1.
    Warning in engine$weave(file, quiet = quiet, encoding = enc) :
     Pandoc (>= 1.12.3) and/or pandoc-citeproc not available. Falling back to R Markdown v1.
    Quitting from lines 216-219 (sf5.Rmd)
    Error: processing vignette 'sf5.Rmd' failed with diagnostics:
    cannot open the connection
    Execution halted
Flavor: r-oldrel-osx-x86_64