CRAN Package Check Results for Package semPower

Last updated on 2019-12-05 00:52:13 CET.

Flavor Version Tinstall Tcheck Ttotal Status Flags
r-devel-linux-x86_64-debian-clang 1.0.0 3.10 28.10 31.20 NOTE
r-devel-linux-x86_64-debian-gcc 1.0.0 2.05 21.91 23.96 NOTE
r-devel-linux-x86_64-fedora-clang 1.0.0 36.00 OK
r-devel-linux-x86_64-fedora-gcc 1.0.0 36.79 OK
r-devel-windows-ix86+x86_64 1.0.0 5.00 52.00 57.00 NOTE
r-devel-windows-ix86+x86_64-gcc8 1.0.0 6.00 64.00 70.00 NOTE
r-patched-linux-x86_64 1.0.0 2.37 25.43 27.80 OK
r-patched-solaris-x86 1.0.0 48.50 OK
r-release-linux-x86_64 1.0.0 2.61 27.38 29.99 OK
r-release-windows-ix86+x86_64 1.0.0 7.00 32.00 39.00 OK
r-release-osx-x86_64 1.0.0 OK
r-oldrel-windows-ix86+x86_64 1.0.0 4.00 43.00 47.00 OK
r-oldrel-osx-x86_64 1.0.0 OK

Check Details

Version: 1.0.0
Check: package vignettes
Result: NOTE
    Package vignette with placeholder title 'Vignette Title':
     'semPower.Rmd'
Flavors: r-devel-linux-x86_64-debian-clang, r-devel-linux-x86_64-debian-gcc, r-devel-windows-ix86+x86_64, r-devel-windows-ix86+x86_64-gcc8