CRAN Package Check Results for Package semPower

Last updated on 2019-08-18 01:46:20 CEST.

Flavor Version Tinstall Tcheck Ttotal Status Flags
r-devel-linux-x86_64-debian-clang 1.0.0 3.04 26.49 29.53 NOTE
r-devel-linux-x86_64-debian-gcc 1.0.0 2.25 21.26 23.51 NOTE
r-devel-linux-x86_64-fedora-gcc 1.0.0 34.06 OK
r-devel-windows-ix86+x86_64 1.0.0 7.00 43.00 50.00 NOTE
r-patched-linux-x86_64 1.0.0 2.22 25.94 28.16 OK
r-patched-solaris-x86 1.0.0 50.50 OK
r-release-linux-x86_64 1.0.0 2.39 26.40 28.79 OK
r-release-windows-ix86+x86_64 1.0.0 9.00 46.00 55.00 OK
r-release-osx-x86_64 1.0.0 OK
r-oldrel-windows-ix86+x86_64 1.0.0 5.00 46.00 51.00 OK
r-oldrel-osx-x86_64 1.0.0 OK

Check Details

Version: 1.0.0
Check: package vignettes
Result: NOTE
    Package vignette with placeholder title 'Vignette Title':
     'semPower.Rmd'
Flavors: r-devel-linux-x86_64-debian-clang, r-devel-linux-x86_64-debian-gcc, r-devel-windows-ix86+x86_64