CRAN Package Check Results for Package segmenTier

Last updated on 2019-10-21 02:46:43 CEST.

Flavor Version Tinstall Tcheck Ttotal Status Flags
r-devel-linux-x86_64-debian-clang 0.1.2 26.65 80.23 106.88 OK
r-devel-linux-x86_64-debian-gcc 0.1.2 17.62 58.11 75.73 OK
r-devel-linux-x86_64-fedora-clang 0.1.2 135.22 NOTE
r-devel-linux-x86_64-fedora-gcc 0.1.2 127.16 NOTE
r-devel-windows-ix86+x86_64 0.1.2 52.00 158.00 210.00 OK
r-patched-linux-x86_64 0.1.2 18.84 74.94 93.78 OK
r-patched-solaris-x86 0.1.2 191.90 NOTE
r-release-linux-x86_64 0.1.2 20.56 74.67 95.23 OK
r-release-windows-ix86+x86_64 0.1.2 64.00 115.00 179.00 OK
r-release-osx-x86_64 0.1.2 NOTE
r-oldrel-windows-ix86+x86_64 0.1.2 43.00 122.00 165.00 OK
r-oldrel-osx-x86_64 0.1.2 NOTE

Check Details

Version: 0.1.2
Check: package dependencies
Result: NOTE
    Packages suggested but not available for checking: 'flowMerge', 'flowClust'
Flavors: r-devel-linux-x86_64-fedora-clang, r-devel-linux-x86_64-fedora-gcc, r-patched-solaris-x86

Version: 0.1.2
Check: Rd cross-references
Result: NOTE
    Packages unavailable to check Rd xrefs: ‘flowClust’, ‘flowMerge’
Flavors: r-devel-linux-x86_64-fedora-clang, r-devel-linux-x86_64-fedora-gcc, r-patched-solaris-x86, r-release-osx-x86_64, r-oldrel-osx-x86_64

Version: 0.1.2
Check: package dependencies
Result: NOTE
    Packages suggested but not available for checking:
     'flowMerge', 'flowClust', 'flowCore'
Flavor: r-release-osx-x86_64

Version: 0.1.2
Check: package dependencies
Result: NOTE
    Packages suggested but not available for checking: ‘flowMerge’ ‘flowClust’
Flavor: r-oldrel-osx-x86_64