CRAN Package Check Results for Package segmenTier

Last updated on 2019-07-16 01:50:38 CEST.

Flavor Version Tinstall Tcheck Ttotal Status Flags
r-devel-linux-x86_64-debian-clang 0.1.2 22.99 81.14 104.13 OK
r-devel-linux-x86_64-debian-gcc 0.1.2 19.23 59.53 78.76 OK
r-devel-linux-x86_64-fedora-clang 0.1.2 132.84 NOTE
r-devel-linux-x86_64-fedora-gcc 0.1.2 122.52 NOTE
r-devel-windows-ix86+x86_64 0.1.2 65.00 119.00 184.00 OK
r-patched-linux-x86_64 0.1.2 21.46 75.30 96.76 OK
r-patched-solaris-x86 0.1.2 198.80 NOTE
r-release-linux-x86_64 0.1.2 22.16 75.69 97.85 OK
r-release-windows-ix86+x86_64 0.1.2 46.00 167.00 213.00 OK
r-release-osx-x86_64 0.1.2 NOTE
r-oldrel-windows-ix86+x86_64 0.1.2 62.00 116.00 178.00 OK
r-oldrel-osx-x86_64 0.1.2 NOTE

Check Details

Version: 0.1.2
Check: package dependencies
Result: NOTE
    Packages suggested but not available for checking: 'flowMerge', 'flowClust'
Flavors: r-devel-linux-x86_64-fedora-clang, r-devel-linux-x86_64-fedora-gcc, r-patched-solaris-x86

Version: 0.1.2
Check: Rd cross-references
Result: NOTE
    Packages unavailable to check Rd xrefs: ‘flowClust’, ‘flowMerge’
Flavors: r-devel-linux-x86_64-fedora-clang, r-devel-linux-x86_64-fedora-gcc, r-patched-solaris-x86, r-release-osx-x86_64, r-oldrel-osx-x86_64

Version: 0.1.2
Check: package dependencies
Result: NOTE
    Packages suggested but not available for checking:
     'flowMerge', 'flowClust', 'flowCore'
Flavor: r-release-osx-x86_64

Version: 0.1.2
Check: package dependencies
Result: NOTE
    Packages suggested but not available for checking: ‘flowMerge’ ‘flowClust’
Flavor: r-oldrel-osx-x86_64