CRAN Package Check Results for Package sde

Last updated on 2019-05-20 01:46:50 CEST.

Flavor Version Tinstall Tcheck Ttotal Status Flags
r-devel-linux-x86_64-debian-clang 2.0.15 8.04 73.25 81.29 OK
r-devel-linux-x86_64-debian-gcc 2.0.15 8.09 57.69 65.78 OK
r-devel-linux-x86_64-fedora-clang 2.0.15 103.48 NOTE
r-devel-linux-x86_64-fedora-gcc 2.0.15 100.61 NOTE
r-devel-windows-ix86+x86_64 2.0.15 28.00 154.00 182.00 OK
r-patched-linux-x86_64 2.0.15 8.99 72.71 81.70 OK
r-patched-solaris-x86 2.0.15 148.10 OK
r-release-linux-x86_64 2.0.15 10.27 73.92 84.19 OK
r-release-windows-ix86+x86_64 2.0.15 27.00 148.00 175.00 OK
r-release-osx-x86_64 2.0.15 OK
r-oldrel-windows-ix86+x86_64 2.0.15 23.00 138.00 161.00 OK
r-oldrel-osx-x86_64 2.0.15 OK

Check Details

Version: 2.0.15
Check: compiled code
Result: NOTE
    File ‘sde/libs/sde.so’:
     Found no call to: ‘R_useDynamicSymbols’
    
    It is good practice to register native routines and to disable symbol
    search.
    
    See ‘Writing portable packages’ in the ‘Writing R Extensions’ manual.
Flavors: r-devel-linux-x86_64-fedora-clang, r-devel-linux-x86_64-fedora-gcc