CRAN Package Check Results for Package sde

Last updated on 2019-07-16 01:50:38 CEST.

Flavor Version Tinstall Tcheck Ttotal Status Flags
r-devel-linux-x86_64-debian-clang 2.0.15 8.37 72.97 81.34 OK
r-devel-linux-x86_64-debian-gcc 2.0.15 8.19 58.42 66.61 OK
r-devel-linux-x86_64-fedora-clang 2.0.15 100.25 NOTE
r-devel-linux-x86_64-fedora-gcc 2.0.15 98.28 NOTE
r-devel-windows-ix86+x86_64 2.0.15 29.00 103.00 132.00 OK
r-patched-linux-x86_64 2.0.15 9.51 72.75 82.26 OK
r-patched-solaris-x86 2.0.15 153.80 OK
r-release-linux-x86_64 2.0.15 8.96 72.21 81.17 OK
r-release-windows-ix86+x86_64 2.0.15 17.00 149.00 166.00 OK
r-release-osx-x86_64 2.0.15 OK
r-oldrel-windows-ix86+x86_64 2.0.15 22.00 97.00 119.00 OK
r-oldrel-osx-x86_64 2.0.15 OK

Check Details

Version: 2.0.15
Check: compiled code
Result: NOTE
    File ‘sde/libs/sde.so’:
     Found no call to: ‘R_useDynamicSymbols’
    
    It is good practice to register native routines and to disable symbol
    search.
    
    See ‘Writing portable packages’ in the ‘Writing R Extensions’ manual.
Flavors: r-devel-linux-x86_64-fedora-clang, r-devel-linux-x86_64-fedora-gcc