CRAN Package Check Results for Package scales

Last updated on 2019-11-12 00:52:55 CET.

Flavor Version Tinstall Tcheck Ttotal Status Flags
r-devel-linux-x86_64-debian-clang 1.0.0 23.44 37.91 61.35 OK
r-devel-linux-x86_64-debian-gcc 1.0.0 15.26 29.80 45.06 OK
r-devel-linux-x86_64-fedora-clang 1.0.0 76.50 NOTE
r-devel-linux-x86_64-fedora-gcc 1.0.0 72.05 NOTE
r-devel-windows-ix86+x86_64 1.0.0 38.00 73.00 111.00 WARN
r-patched-linux-x86_64 1.0.0 17.43 37.17 54.60 OK
r-patched-solaris-x86 1.0.0 84.10 NOTE
r-release-linux-x86_64 1.0.0 18.58 36.19 54.77 OK
r-release-windows-ix86+x86_64 1.0.0 2.00 7.00 9.00 ERROR
r-release-osx-x86_64 1.0.0 NOTE
r-oldrel-windows-ix86+x86_64 1.0.0 50.00 69.00 119.00 OK
r-oldrel-osx-x86_64 1.0.0 NOTE

Check Details

Version: 1.0.0
Check: dependencies in R code
Result: NOTE
    Namespace in Imports field not imported from: ‘R6’
     All declared Imports should be used.
Flavors: r-devel-linux-x86_64-fedora-clang, r-devel-linux-x86_64-fedora-gcc, r-patched-solaris-x86, r-release-osx-x86_64, r-oldrel-osx-x86_64

Version: 1.0.0
Check: R files for syntax errors
Result: WARN
    Warning in file 'R/formatter.r':
     unable to translate '.<U+00BA>' to native encoding
Flavor: r-devel-windows-ix86+x86_64

Version: 1.0.0
Check: whether package can be installed
Result: ERROR
    Installation failed.
Flavor: r-release-windows-ix86+x86_64