CRAN Package Check Results for Package sbart

Last updated on 2019-08-20 01:48:18 CEST.

Flavor Version Tinstall Tcheck Ttotal Status Flags
r-devel-linux-x86_64-debian-clang 0.1.1 60.55 136.62 197.17 WARN
r-devel-linux-x86_64-debian-gcc 0.1.1 48.18 120.08 168.26 WARN
r-devel-linux-x86_64-fedora-clang 0.1.1 273.34 WARN
r-devel-linux-x86_64-fedora-gcc 0.1.1 264.41 WARN
r-devel-windows-ix86+x86_64 0.1.1 139.00 320.00 459.00 OK
r-patched-linux-x86_64 0.1.1 55.94 143.49 199.43 OK
r-patched-solaris-x86 0.1.1 494.40 OK
r-release-linux-x86_64 0.1.1 54.78 144.31 199.09 OK
r-release-windows-ix86+x86_64 0.1.1 105.00 288.00 393.00 OK
r-release-osx-x86_64 0.1.1 NOTE
r-oldrel-windows-ix86+x86_64 0.1.1 129.00 341.00 470.00 OK
r-oldrel-osx-x86_64 0.1.1 NOTE

Check Details

Version: 0.1.1
Check: whether package can be installed
Result: WARN
    Found the following significant warnings:
     ./Eigen/src/Core/../plugins/MatrixCwiseUnaryOps.h:62:32: warning: 'binder1st<std::equal_to<float> >' is deprecated [-Wdeprecated-declarations]
     ./Eigen/src/Core/../plugins/MatrixCwiseUnaryOps.h:62:32: warning: 'binder1st<std::equal_to<double> >' is deprecated [-Wdeprecated-declarations]
     ./Eigen/src/Core/../plugins/MatrixCwiseUnaryOps.h:62:32: warning: 'binder1st<std::equal_to<int> >' is deprecated [-Wdeprecated-declarations]
     ./Eigen/src/Core/../plugins/MatrixCwiseUnaryOps.h:62:32: warning: 'binder1st<std::equal_to<bool> >' is deprecated [-Wdeprecated-declarations]
Flavor: r-devel-linux-x86_64-debian-clang

Version: 0.1.1
Check: whether package can be installed
Result: WARN
    Found the following significant warnings:
     Eigen/src/Core/Functors.h:932:28: warning: ‘template<class _Operation> class std::binder2nd’ is deprecated [-Wdeprecated-declarations]
     Eigen/src/Core/Functors.h:936:28: warning: ‘template<class _Operation> class std::binder1st’ is deprecated [-Wdeprecated-declarations]
     Eigen/src/Core/../plugins/MatrixCwiseUnaryOps.h:62:32: warning: ‘template<class _Operation> class std::binder1st’ is deprecated [-Wdeprecated-declarations]
     Eigen/src/Core/../plugins/MatrixCwiseUnaryOps.h:65:28: warning: ‘template<class _Operation> class std::binder1st’ is deprecated [-Wdeprecated-declarations]
     Eigen/src/Core/../plugins/ArrayCwiseUnaryOps.h:190:34: warning: ‘template<class _Operation> class std::binder2nd’ is deprecated [-Wdeprecated-declarations]
     Eigen/src/Core/../plugins/ArrayCwiseUnaryOps.h:192:30: warning: ‘template<class _Operation> class std::binder2nd’ is deprecated [-Wdeprecated-declarations]
Flavors: r-devel-linux-x86_64-debian-gcc, r-devel-linux-x86_64-fedora-gcc

Version: 0.1.1
Check: whether package can be installed
Result: WARN
    Found the following significant warnings:
     ./Eigen/src/Core/../plugins/MatrixCwiseUnaryOps.h:62:32: warning: 'binder1st<std::__1::equal_to<float> >' is deprecated [-Wdeprecated-declarations]
     ./Eigen/src/Core/../plugins/MatrixCwiseUnaryOps.h:62:32: warning: 'binder1st<std::__1::equal_to<double> >' is deprecated [-Wdeprecated-declarations]
     ./Eigen/src/Core/../plugins/MatrixCwiseUnaryOps.h:62:32: warning: 'binder1st<std::__1::equal_to<int> >' is deprecated [-Wdeprecated-declarations]
     ./Eigen/src/Core/../plugins/MatrixCwiseUnaryOps.h:62:32: warning: 'binder1st<std::__1::equal_to<bool> >' is deprecated [-Wdeprecated-declarations]
Flavor: r-devel-linux-x86_64-fedora-clang

Version: 0.1.1
Check: installed package size
Result: NOTE
     installed size is 9.6Mb
     sub-directories of 1Mb or more:
     libs 9.5Mb
Flavors: r-devel-linux-x86_64-fedora-clang, r-release-osx-x86_64, r-oldrel-osx-x86_64