CRAN Package Check Results for Package rtrek

Last updated on 2019-09-15 01:47:05 CEST.

Flavor Version Tinstall Tcheck Ttotal Status Flags
r-devel-linux-x86_64-debian-clang 0.2.0 4.69 64.71 69.40 OK
r-devel-linux-x86_64-debian-gcc 0.2.0 3.99 50.71 54.70 OK
r-devel-linux-x86_64-fedora-clang 0.2.0 74.80 NOTE
r-devel-linux-x86_64-fedora-gcc 0.2.0 74.49 NOTE
r-devel-windows-ix86+x86_64 0.2.0 20.00 111.00 131.00 OK
r-patched-linux-x86_64 0.2.0 3.92 63.28 67.20 OK
r-patched-solaris-x86 0.2.0 88.70 ERROR
r-release-linux-x86_64 0.2.0 4.64 63.86 68.50 OK
r-release-windows-ix86+x86_64 0.2.0 13.00 131.00 144.00 OK
r-release-osx-x86_64 0.2.0 WARN
r-oldrel-windows-ix86+x86_64 0.2.0 13.00 106.00 119.00 OK
r-oldrel-osx-x86_64 0.2.0 WARN

Check Details

Version: 0.2.0
Check: dependencies in R code
Result: NOTE
    Namespaces in Imports field not imported from:
     ‘memoise’ ‘tidyr’
     All declared Imports should be used.
Flavors: r-devel-linux-x86_64-fedora-clang, r-devel-linux-x86_64-fedora-gcc, r-patched-solaris-x86, r-release-osx-x86_64, r-oldrel-osx-x86_64

Version: 0.2.0
Check: data for non-ASCII characters
Result: NOTE
     Note: found 988 marked UTF-8 strings
Flavors: r-devel-linux-x86_64-fedora-clang, r-devel-linux-x86_64-fedora-gcc, r-patched-solaris-x86, r-release-osx-x86_64, r-oldrel-osx-x86_64

Version: 0.2.0
Check: tests
Result: ERROR
     Running ‘testthat.R’ [0m/13m]
    Running the tests in ‘tests/testthat.R’ failed.
    Complete output:
     > library(testthat)
     > library(rtrek)
     >
     > test_check("rtrek")
     Total pages to retrieve all results: 66
     ── 1. Error: rtrek_antiddos option is set on load and checked (@test-api.R#38)
     Timeout was reached: Resolving timed out after 10000 milliseconds
     1: lapply(1:2, function(x) stapi("character", uid = qid)) at testthat/test-api.R:38
     2: FUN(X[[i]], ...)
     3: stapi("character", uid = qid) at testthat/test-api.R:38
     4: jsonlite::fromJSON(uri)
     5: parse_and_simplify(txt = txt, simplifyVector = simplifyVector, simplifyDataFrame = simplifyDataFrame,
     simplifyMatrix = simplifyMatrix, flatten = flatten, ...)
     6: parseJSON(txt, bigint_as_char)
     7: parse_con(txt, bigint_as_char)
     8: open(con, "rb")
     9: open.connection(con, "rb")
    
     2360
     ══ testthat results ═══════════════════════════════════════════════════════════
     [ OK: 123 | SKIPPED: 4 | WARNINGS: 0 | FAILED: 1 ]
     1. Error: rtrek_antiddos option is set on load and checked (@test-api.R#38)
    
     Error: testthat unit tests failed
     In addition: Warning messages:
     1: In .Internal(gc(verbose, reset, full)) :
     closing unused connection 4 (http://memory-alpha.wikia.com/wiki/x)
     2: In .Internal(gc(verbose, reset, full)) :
     closing unused connection 4 (http://memory-beta.wikia.com/wiki/x)
     Execution halted
Flavor: r-patched-solaris-x86

Version: 0.2.0
Check: re-building of vignette outputs
Result: WARN
    Error(s) in re-building vignettes:
     ...
    --- re-building ‘rtrek.Rmd’ using rmarkdown
    Warning in engine$weave(file, quiet = quiet, encoding = enc) :
     Pandoc (>= 1.12.3) and/or pandoc-citeproc not available. Falling back to R Markdown v1.
    Warning in block_exec(params) :
     Failed to tidy R code in chunk 'pkg_data'. Reason:
    Error in loadNamespace(name) : there is no package called 'formatR'
    
    Warning in block_exec(params) :
     Failed to tidy R code in chunk 'stBooksWiki'. Reason:
    Error in loadNamespace(name) : there is no package called 'formatR'
    
    Warning in block_exec(params) :
     Failed to tidy R code in chunk 'st_books_wiki'. Reason:
    Error in loadNamespace(name) : there is no package called 'formatR'
    
    Warning in block_exec(params) :
     Failed to tidy R code in chunk 'st_books_wiki2'. Reason:
    Error in loadNamespace(name) : there is no package called 'formatR'
    
    Warning in block_exec(params) :
     Failed to tidy R code in chunk 'stBooks'. Reason:
    Error in loadNamespace(name) : there is no package called 'formatR'
    
    Warning in block_exec(params) :
     Failed to tidy R code in chunk 'stSeries'. Reason:
    Error in loadNamespace(name) : there is no package called 'formatR'
    
    Warning in block_exec(params) :
     Failed to tidy R code in chunk 'stTiles'. Reason:
    Error in loadNamespace(name) : there is no package called 'formatR'
    
    Warning in block_exec(params) :
     Failed to tidy R code in chunk 'stGeo'. Reason:
    Error in loadNamespace(name) : there is no package called 'formatR'
    
    Warning in block_exec(params) :
     Failed to tidy R code in chunk 'tile_coords'. Reason:
    Error in loadNamespace(name) : there is no package called 'formatR'
    
    Quitting from lines 105-110 (rtrek.Rmd)
    Error: processing vignette 'rtrek.Rmd' failed with diagnostics:
    there is no package called 'webshot'
    --- failed re-building ‘rtrek.Rmd’
    
    SUMMARY: processing the following file failed:
     ‘rtrek.Rmd’
    
    Error: Vignette re-building failed.
    Execution halted
Flavor: r-patched-solaris-x86

Version: 0.2.0
Check: re-building of vignette outputs
Result: WARN
    Error(s) in re-building vignettes:
     ...
    --- re-building ‘rtrek.Rmd’ using rmarkdown
    Warning in engine$weave(file, quiet = quiet, encoding = enc) :
     Pandoc (>= 1.12.3) and/or pandoc-citeproc not available. Falling back to R Markdown v1.
    PhantomJS not found. You can install it with webshot::install_phantomjs(). If it is installed, please make sure the phantomjs executable can be found via the PATH variable.
    Warning in normalizePath(f2) :
     path[1]="webshotb5f33f4cadf8.png": No such file or directory
    Warning in file(con, "rb") :
     cannot open file 'webshotb5f33f4cadf8.png': No such file or directory
    Quitting from lines 105-110 (rtrek.Rmd)
    Error: processing vignette 'rtrek.Rmd' failed with diagnostics:
    cannot open the connection
    --- failed re-building ‘rtrek.Rmd’
    
    SUMMARY: processing the following file failed:
     ‘rtrek.Rmd’
    
    Error: Vignette re-building failed.
    Execution halted
Flavor: r-release-osx-x86_64

Version: 0.2.0
Check: re-building of vignette outputs
Result: WARN
    Error in re-building vignettes:
     ...
    Warning in engine$weave(file, quiet = quiet, encoding = enc) :
     Pandoc (>= 1.12.3) and/or pandoc-citeproc not available. Falling back to R Markdown v1.
    PhantomJS not found. You can install it with webshot::install_phantomjs(). If it is installed, please make sure the phantomjs executable can be found via the PATH variable.
    Warning in normalizePath(f2) :
     path[1]="./webshot185cf1e31ca10.png": No such file or directory
    Warning in file(con, "rb") :
     cannot open file './webshot185cf1e31ca10.png': No such file or directory
    Quitting from lines 105-110 (rtrek.Rmd)
    Error: processing vignette 'rtrek.Rmd' failed with diagnostics:
    cannot open the connection
    Execution halted
Flavor: r-oldrel-osx-x86_64