CRAN Package Check Results for Package rtrek

Last updated on 2020-01-27 00:48:22 CET.

Flavor Version Tinstall Tcheck Ttotal Status Flags
r-devel-linux-x86_64-debian-clang 0.3.0 5.33 41.60 46.93 OK
r-devel-linux-x86_64-debian-gcc 0.3.0 4.49 32.19 36.68 OK
r-devel-linux-x86_64-fedora-clang 0.3.0 56.39 NOTE
r-devel-linux-x86_64-fedora-gcc 0.3.0 55.07 NOTE
r-devel-windows-ix86+x86_64 0.3.0 13.00 61.00 74.00 OK
r-devel-windows-ix86+x86_64-gcc8 0.3.0 18.00 49.00 67.00 OK
r-patched-linux-x86_64 0.3.0 3.97 38.55 42.52 OK
r-patched-solaris-x86 0.3.0 63.60 NOTE
r-release-linux-x86_64 0.3.0 4.45 37.70 42.15 OK
r-release-windows-ix86+x86_64 0.3.0 10.00 42.00 52.00 OK
r-release-osx-x86_64 0.3.0 NOTE
r-oldrel-windows-ix86+x86_64 0.3.0 6.00 41.00 47.00 OK
r-oldrel-osx-x86_64 0.3.0 NOTE

Check Details

Version: 0.3.0
Check: dependencies in R code
Result: NOTE
    Namespaces in Imports field not imported from:
     ‘memoise’ ‘tidyr’
     All declared Imports should be used.
Flavors: r-devel-linux-x86_64-fedora-clang, r-devel-linux-x86_64-fedora-gcc, r-patched-solaris-x86, r-release-osx-x86_64, r-oldrel-osx-x86_64

Version: 0.3.0
Check: data for non-ASCII characters
Result: NOTE
     Note: found 37 marked UTF-8 strings
Flavors: r-devel-linux-x86_64-fedora-clang, r-devel-linux-x86_64-fedora-gcc, r-patched-solaris-x86, r-release-osx-x86_64, r-oldrel-osx-x86_64