CRAN Package Check Results for Package rstanarm

Last updated on 2019-07-16 01:50:37 CEST.

Flavor Version Tinstall Tcheck Ttotal Status Flags
r-devel-linux-x86_64-debian-clang 2.18.2 1243.15 394.79 1637.94 NOTE
r-devel-linux-x86_64-debian-gcc 2.18.2 1046.75 325.48 1372.23 NOTE
r-devel-linux-x86_64-fedora-clang 2.18.2 2138.27 NOTE
r-devel-linux-x86_64-fedora-gcc 2.18.2 2722.47 NOTE
r-devel-windows-ix86+x86_64 2.18.2 2410.00 370.00 2780.00 NOTE --no-examples --no-tests --no-vignettes
r-patched-linux-x86_64 2.18.2 1156.52 424.68 1581.20 NOTE
r-patched-solaris-x86 2.18.2 1897.40 WARN
r-release-linux-x86_64 2.18.2 1162.79 427.09 1589.88 NOTE
r-release-windows-ix86+x86_64 2.18.2 1827.00 375.00 2202.00 NOTE --no-examples --no-tests --no-vignettes
r-release-osx-x86_64 2.18.2 ERROR
r-oldrel-windows-ix86+x86_64 2.18.2 2292.00 243.00 2535.00 NOTE --no-examples --no-tests --no-vignettes
r-oldrel-osx-x86_64 2.18.2 WARN

Check Details

Version: 2.18.2
Check: for GNU extensions in Makefiles
Result: NOTE
    GNU make is a SystemRequirements.
Flavors: r-devel-linux-x86_64-debian-clang, r-devel-linux-x86_64-debian-gcc, r-devel-linux-x86_64-fedora-clang, r-devel-linux-x86_64-fedora-gcc, r-patched-linux-x86_64, r-patched-solaris-x86, r-release-linux-x86_64, r-oldrel-osx-x86_64

Version: 2.18.2
Check: installed package size
Result: NOTE
     installed size is 159.4Mb
     sub-directories of 1Mb or more:
     R 1.4Mb
     libs 156.3Mb
Flavors: r-devel-linux-x86_64-fedora-clang, r-patched-solaris-x86, r-oldrel-osx-x86_64

Version: 2.18.2
Flags: --no-examples --no-tests --no-vignettes
Check: installed package size
Result: NOTE
     installed size is 20.4Mb
     sub-directories of 1Mb or more:
     R 1.4Mb
     libs 17.5Mb
Flavors: r-devel-windows-ix86+x86_64, r-release-windows-ix86+x86_64, r-oldrel-windows-ix86+x86_64

Version: 2.18.2
Flags: --no-examples --no-tests --no-vignettes
Check: for GNU extensions in Makefiles
Result: NOTE
    GNU make is a SystemRequirements.
Flavors: r-devel-windows-ix86+x86_64, r-release-windows-ix86+x86_64, r-oldrel-windows-ix86+x86_64

Version: 2.18.2
Check: loading without being on the library search path
Result: WARN
    Loading required package: Rcpp
    Error: package or namespace load failed for ‘rstanarm’:
     .onLoad failed in loadNamespace() for 'pillar', details:
     call: utils::packageVersion("vctrs")
     error: there is no package called ‘vctrs’
    Execution halted
    
    It looks like this package has a loading problem when not on .libPaths:
    see the messages for details.
Flavor: r-patched-solaris-x86

Version: 2.18.2
Check: re-building of vignette outputs
Result: WARN
    Error(s) in re-building vignettes:
     ...
    --- re-building ‘aov.Rmd’ using rmarkdown
    Warning in engine$weave(file, quiet = quiet, encoding = enc) :
     Pandoc (>= 1.12.3) and/or pandoc-citeproc not available. Falling back to R Markdown v1.
    Quitting from lines 2-15 (./children/SETTINGS-knitr.txt)
    Quitting from lines NA-15 (./children/SETTINGS-knitr.txt)
    Error: processing vignette 'aov.Rmd' failed with diagnostics:
    object 'params' not found
    --- failed re-building ‘aov.Rmd’
    
    --- re-building ‘betareg.Rmd’ using rmarkdown
    Warning in engine$weave(file, quiet = quiet, encoding = enc) :
     Pandoc (>= 1.12.3) and/or pandoc-citeproc not available. Falling back to R Markdown v1.
    Quitting from lines 2-15 (./children/SETTINGS-knitr.txt)
    Quitting from lines NA-15 (./children/SETTINGS-knitr.txt)
    Error: processing vignette 'betareg.Rmd' failed with diagnostics:
    object 'params' not found
    --- failed re-building ‘betareg.Rmd’
    
    --- re-building ‘binomial.Rmd’ using rmarkdown
    Warning in engine$weave(file, quiet = quiet, encoding = enc) :
     Pandoc (>= 1.12.3) and/or pandoc-citeproc not available. Falling back to R Markdown v1.
    Quitting from lines 2-15 (./children/SETTINGS-knitr.txt)
    Quitting from lines NA-15 (./children/SETTINGS-knitr.txt)
    Error: processing vignette 'binomial.Rmd' failed with diagnostics:
    object 'params' not found
    --- failed re-building ‘binomial.Rmd’
    
    --- re-building ‘continuous.Rmd’ using rmarkdown
    Warning in engine$weave(file, quiet = quiet, encoding = enc) :
     Pandoc (>= 1.12.3) and/or pandoc-citeproc not available. Falling back to R Markdown v1.
    Quitting from lines 2-15 (./children/SETTINGS-knitr.txt)
    Quitting from lines NA-15 (./children/SETTINGS-knitr.txt)
    Error: processing vignette 'continuous.Rmd' failed with diagnostics:
    object 'params' not found
    --- failed re-building ‘continuous.Rmd’
    
    --- re-building ‘count.Rmd’ using rmarkdown
    Warning in engine$weave(file, quiet = quiet, encoding = enc) :
     Pandoc (>= 1.12.3) and/or pandoc-citeproc not available. Falling back to R Markdown v1.
    Quitting from lines 2-15 (./children/SETTINGS-knitr.txt)
    Quitting from lines NA-15 (./children/SETTINGS-knitr.txt)
    Error: processing vignette 'count.Rmd' failed with diagnostics:
    object 'params' not found
    --- failed re-building ‘count.Rmd’
    
    --- re-building ‘glmer.Rmd’ using rmarkdown
    Warning in engine$weave(file, quiet = quiet, encoding = enc) :
     Pandoc (>= 1.12.3) and/or pandoc-citeproc not available. Falling back to R Markdown v1.
    Quitting from lines 2-15 (./children/SETTINGS-knitr.txt)
    Quitting from lines NA-15 (./children/SETTINGS-knitr.txt)
    Error: processing vignette 'glmer.Rmd' failed with diagnostics:
    object 'params' not found
    --- failed re-building ‘glmer.Rmd’
    
    --- re-building ‘jm.Rmd’ using rmarkdown
    Warning in engine$weave(file, quiet = quiet, encoding = enc) :
     Pandoc (>= 1.12.3) and/or pandoc-citeproc not available. Falling back to R Markdown v1.
    Quitting from lines 2-15 (./children/SETTINGS-knitr.txt)
    Quitting from lines NA-15 (./children/SETTINGS-knitr.txt)
    Error: processing vignette 'jm.Rmd' failed with diagnostics:
    object 'params' not found
    --- failed re-building ‘jm.Rmd’
    
    --- re-building ‘lm.Rmd’ using rmarkdown
    Warning in engine$weave(file, quiet = quiet, encoding = enc) :
     Pandoc (>= 1.12.3) and/or pandoc-citeproc not available. Falling back to R Markdown v1.
    Quitting from lines 2-15 (./children/SETTINGS-knitr.txt)
    Quitting from lines NA-15 (./children/SETTINGS-knitr.txt)
    Error: processing vignette 'lm.Rmd' failed with diagnostics:
    object 'params' not found
    --- failed re-building ‘lm.Rmd’
    
    --- re-building ‘polr.Rmd’ using rmarkdown
    Warning in engine$weave(file, quiet = quiet, encoding = enc) :
     Pandoc (>= 1.12.3) and/or pandoc-citeproc not available. Falling back to R Markdown v1.
    Quitting from lines 2-15 (./children/SETTINGS-knitr.txt)
    Quitting from lines NA-15 (./children/SETTINGS-knitr.txt)
    Error: processing vignette 'polr.Rmd' failed with diagnostics:
    object 'params' not found
    --- failed re-building ‘polr.Rmd’
    
    --- re-building ‘pooling.Rmd’ using rmarkdown
    Warning in engine$weave(file, quiet = quiet, encoding = enc) :
     Pandoc (>= 1.12.3) and/or pandoc-citeproc not available. Falling back to R Markdown v1.
    Quitting from lines 17-30 (pooling.Rmd)
    Error: processing vignette 'pooling.Rmd' failed with diagnostics:
    object 'params' not found
    --- failed re-building ‘pooling.Rmd’
    
    --- re-building ‘priors.Rmd’ using rmarkdown
    Warning in engine$weave(file, quiet = quiet, encoding = enc) :
     Pandoc (>= 1.12.3) and/or pandoc-citeproc not available. Falling back to R Markdown v1.
    Quitting from lines 2-15 (./children/SETTINGS-knitr.txt)
    Quitting from lines NA-15 (./children/SETTINGS-knitr.txt)
    Error: processing vignette 'priors.Rmd' failed with diagnostics:
    object 'params' not found
    --- failed re-building ‘priors.Rmd’
    
    --- re-building ‘rstanarm.Rmd’ using rmarkdown
    Warning in engine$weave(file, quiet = quiet, encoding = enc) :
     Pandoc (>= 1.12.3) and/or pandoc-citeproc not available. Falling back to R Markdown v1.
    Quitting from lines 2-15 (./children/SETTINGS-knitr.txt)
    Quitting from lines NA-15 (./children/SETTINGS-knitr.txt)
    Error: processing vignette 'rstanarm.Rmd' failed with diagnostics:
    object 'params' not found
    --- failed re-building ‘rstanarm.Rmd’
    
    SUMMARY: processing the following files failed:
     ‘aov.Rmd’ ‘betareg.Rmd’ ‘binomial.Rmd’ ‘continuous.Rmd’ ‘count.Rmd’
     ‘glmer.Rmd’ ‘jm.Rmd’ ‘lm.Rmd’ ‘polr.Rmd’ ‘pooling.Rmd’ ‘priors.Rmd’
     ‘rstanarm.Rmd’
    
    Error: Vignette re-building failed.
    Execution halted
Flavor: r-patched-solaris-x86

Version: 2.18.2
Check: whether package can be installed
Result: ERROR
    Installation failed.
Flavor: r-release-osx-x86_64

Version: 2.18.2
Check: re-building of vignette outputs
Result: WARN
    Error in re-building vignettes:
     ...
    Warning in engine$weave(file, quiet = quiet, encoding = enc) :
     Pandoc (>= 1.12.3) and/or pandoc-citeproc not available. Falling back to R Markdown v1.
    Quitting from lines 2-15 (./children/SETTINGS-knitr.txt)
    Quitting from lines NA-15 (./children/SETTINGS-knitr.txt)
    Error: processing vignette 'aov.Rmd' failed with diagnostics:
    object 'params' not found
    Execution halted
Flavor: r-oldrel-osx-x86_64