CRAN Package Check Results for Package rsparse

Last updated on 2019-09-20 01:47:55 CEST.

Flavor Version Tinstall Tcheck Ttotal Status Flags
r-devel-linux-x86_64-debian-clang 0.3.3.3 130.77 101.37 232.14 OK
r-devel-linux-x86_64-debian-gcc 0.3.3.3 104.26 76.91 181.17 OK
r-devel-linux-x86_64-fedora-clang 0.3.3.3 328.34 NOTE
r-devel-linux-x86_64-fedora-gcc 0.3.3.3 313.36 OK
r-devel-windows-ix86+x86_64 0.3.3.3 350.00 218.00 568.00 NOTE
r-patched-linux-x86_64 0.3.3.3 115.24 96.91 212.15 OK
r-patched-solaris-x86 0.3.3.3 2149.90 ERROR
r-release-linux-x86_64 0.3.3.3 112.85 96.47 209.32 OK
r-release-windows-ix86+x86_64 0.3.3.3 259.00 175.00 434.00 NOTE
r-release-osx-x86_64 0.3.3.3 OK
r-oldrel-windows-ix86+x86_64 0.3.3.2 258.00 219.00 477.00 NOTE
r-oldrel-osx-x86_64 0.3.3.3 ERROR

Check Details

Version: 0.3.3.3
Check: installed package size
Result: NOTE
     installed size is 6.1Mb
     sub-directories of 1Mb or more:
     libs 5.4Mb
Flavors: r-devel-linux-x86_64-fedora-clang, r-devel-windows-ix86+x86_64, r-release-windows-ix86+x86_64

Version: 0.3.3.3
Check: tests
Result: ERROR
     Running ‘testthat.R’ [31m/32m]
    Running the tests in ‘tests/testthat.R’ failed.
    Complete output:
     > Sys.setenv("R_TESTS" = "")
     > library(testthat)
     > library(rsparse)
     > library(data.table)
     > library(Matrix)
     > options(rsparse_omp_threads = 1L)
     > logger = lgr::get_logger('rsparse')
     > logger$set_threshold('warn')
     > data("movielens100k")
     > test_check("rsparse")
Flavor: r-patched-solaris-x86

Version: 0.3.3.2
Check: installed package size
Result: NOTE
     installed size is 6.5Mb
     sub-directories of 1Mb or more:
     libs 5.8Mb
Flavor: r-oldrel-windows-ix86+x86_64

Version: 0.3.3.3
Check: whether package can be installed
Result: ERROR
    Installation failed.
Flavor: r-oldrel-osx-x86_64